--
-- Host: localhost    Database: partners
-- ------------------------------------------------------


--
-- Table structure for table `data_rows`
--

CREATE TABLE `data_rows` (
  `id` int(10) unsigned NOT NULL AUTO_INCREMENT,
  `data_type_id` int(10) unsigned NOT NULL,
  `field` varchar(255) COLLATE utf8mb4_unicode_ci NOT NULL,
  `type` varchar(255) COLLATE utf8mb4_unicode_ci NOT NULL,
  `display_name` varchar(255) COLLATE utf8mb4_unicode_ci NOT NULL,
  `required` tinyint(1) NOT NULL DEFAULT '0',
  `browse` tinyint(1) NOT NULL DEFAULT '1',
  `read` tinyint(1) NOT NULL DEFAULT '1',
  `edit` tinyint(1) NOT NULL DEFAULT '1',
  `add` tinyint(1) NOT NULL DEFAULT '1',
  `delete` tinyint(1) NOT NULL DEFAULT '1',
  `details` text COLLATE utf8mb4_unicode_ci,
  `order` int(11) NOT NULL DEFAULT '1',
  PRIMARY KEY (`id`),
  KEY `data_rows_data_type_id_foreign` (`data_type_id`),
  CONSTRAINT `data_rows_data_type_id_foreign` FOREIGN KEY (`data_type_id`) REFERENCES `data_types` (`id`) ON DELETE CASCADE ON UPDATE CASCADE
) ENGINE=InnoDB AUTO_INCREMENT=68 DEFAULT CHARSET=utf8mb4 COLLATE=utf8mb4_unicode_ci;

--
-- Dumping data for table `data_rows`
--

INSERT INTO `data_rows` VALUES (1,1,'id','number','ID',1,0,0,0,0,0,NULL,1),(2,1,'name','text','Name',1,1,1,1,1,1,NULL,2),(3,1,'email','text','Email',1,1,1,1,1,1,NULL,3),(4,1,'password','password','Password',1,0,0,1,1,0,NULL,4),(5,1,'remember_token','text','Remember Token',0,0,0,0,0,0,NULL,5),(6,1,'created_at','timestamp','Created At',0,1,1,0,0,0,NULL,6),(7,1,'updated_at','timestamp','Updated At',0,0,0,0,0,0,NULL,7),(8,1,'avatar','image','Avatar',0,1,1,1,1,1,NULL,8),(9,1,'user_belongsto_role_relationship','relationship','Role',0,1,1,1,1,0,'{\"model\":\"TCG\\\\Voyager\\\\Models\\\\Role\",\"table\":\"roles\",\"type\":\"belongsTo\",\"column\":\"role_id\",\"key\":\"id\",\"label\":\"display_name\",\"pivot_table\":\"roles\",\"pivot\":0}',10),(10,1,'user_belongstomany_role_relationship','relationship','Roles',0,1,1,1,1,0,'{\"model\":\"TCG\\\\Voyager\\\\Models\\\\Role\",\"table\":\"roles\",\"type\":\"belongsToMany\",\"column\":\"id\",\"key\":\"id\",\"label\":\"display_name\",\"pivot_table\":\"user_roles\",\"pivot\":\"1\",\"taggable\":\"0\"}',11),(11,1,'settings','hidden','Settings',0,0,0,0,0,0,NULL,12),(12,2,'id','number','ID',1,0,0,0,0,0,NULL,1),(13,2,'name','text','Name',1,1,1,1,1,1,NULL,2),(14,2,'created_at','timestamp','Created At',0,0,0,0,0,0,NULL,3),(15,2,'updated_at','timestamp','Updated At',0,0,0,0,0,0,NULL,4),(16,3,'id','number','ID',1,0,0,0,0,0,NULL,1),(17,3,'name','text','Name',1,1,1,1,1,1,NULL,2),(18,3,'created_at','timestamp','Created At',0,0,0,0,0,0,NULL,3),(19,3,'updated_at','timestamp','Updated At',0,0,0,0,0,0,NULL,4),(20,3,'display_name','text','Display Name',1,1,1,1,1,1,NULL,5),(21,1,'role_id','text','Role',1,1,1,1,1,1,NULL,9),(22,5,'id','text','Id',1,0,0,0,0,0,'{}',1),(23,5,'name','text','Nome',1,1,1,1,1,1,'{}',2),(24,5,'slug','text','Slug',1,1,1,1,1,1,'{}',3),(25,5,'logo','image','Logo',0,0,1,1,1,1,'{}',4),(26,5,'address','text','Indirizzo',1,0,1,1,1,1,'{}',5),(27,5,'zip','text','CAP',1,0,1,1,1,1,'{}',6),(28,5,'city','text','Città',1,0,1,1,1,1,'{}',7),(29,5,'province','text','Provincia',1,1,1,1,1,1,'{}',8),(30,5,'phone','text','Telefono',1,1,1,1,1,1,'{}',9),(31,5,'email','text','Email',1,1,1,1,1,1,'{}',10),(32,5,'fax','text','Fax',0,0,1,1,1,1,'{}',11),(33,5,'piva_cf','text','P.IVA / CF',1,0,1,1,1,1,'{}',12),(34,5,'opening_hours','text_area','Orari di apertura',0,0,1,1,1,1,'{}',13),(35,5,'facebook','text','Facebook',0,0,1,1,1,1,'{}',14),(36,5,'linkedin','text','Linkedin',0,0,1,1,1,1,'{}',15),(37,5,'gmap','text_area','Gmap',0,0,1,1,1,1,'{}',16),(38,5,'created_at','timestamp','Creato il',0,1,1,0,0,0,'{}',17),(39,5,'updated_at','timestamp','Ultimo aggiornamento',0,1,1,0,0,0,'{}',18),(41,5,'company_type','select_dropdown','Società',0,1,1,1,1,1,'{\"options\":{\"\":\"---------\",\"Sas\":\"Sas\",\"Snc\":\"Snc\",\"Spa\":\"Spa\",\"Srl\":\"Srl\",\"Srls\":\"Srls\"}}',3),(52,7,'id','text','Id',1,0,0,0,0,0,'{}',1),(53,7,'partner_id','text','Partner Id',1,1,1,1,1,1,'{}',4),(54,7,'slug','text','Slug',1,1,1,1,1,1,'{}',6),(55,7,'menu_order','text','Ordine in menù',0,1,1,1,1,1,'{}',8),(56,7,'title','text','Titolo pagina',1,1,1,1,1,1,'{}',5),(57,7,'cover_img','image','Immagine cover',0,1,1,1,1,1,'{}',9),(58,7,'content','rich_text_box','Contenuto',0,0,1,1,1,1,'{}',12),(59,7,'css','code_editor','CSS addizionale',0,0,1,1,1,1,'{}',13),(60,7,'created_at','timestamp','Creata il',0,1,1,0,0,0,'{}',14),(61,7,'updated_at','timestamp','Updated At',0,0,0,0,0,0,'{}',15),(62,7,'page_belongsto_partner_relationship','relationship','Partner',0,1,1,1,1,1,'{\"model\":\"App\\\\Partner\",\"table\":\"partners\",\"type\":\"belongsTo\",\"column\":\"partner_id\",\"key\":\"id\",\"label\":\"name\",\"pivot_table\":\"data_rows\",\"pivot\":\"0\",\"taggable\":\"0\"}',2),(63,7,'cover_title','text','Titolo su cover',0,1,1,1,1,1,'{}',10),(64,7,'cover_slogan','text','Slogan su cover',0,1,1,1,1,1,'{}',11),(65,7,'page_belongsto_page_relationship','relationship','Appartiene a',0,1,1,1,1,1,'{\"scope\":\"pagebelongsto\",\"view\":\"admin.pagebelongsto\",\"model\":\"App\\\\Page\",\"table\":\"pages\",\"type\":\"belongsTo\",\"column\":\"page_id\",\"key\":\"id\",\"label\":\"title\",\"pivot_table\":\"data_rows\",\"pivot\":\"0\",\"taggable\":\"0\"}',7),(66,7,'page_id','text','Page Id',0,1,1,1,1,1,'{}',3),(67,7,'is_parent','checkbox','Pagina genitore',1,0,1,1,1,1,'{}',3);

--
-- Table structure for table `data_types`
--

CREATE TABLE `data_types` (
  `id` int(10) unsigned NOT NULL AUTO_INCREMENT,
  `name` varchar(255) COLLATE utf8mb4_unicode_ci NOT NULL,
  `slug` varchar(255) COLLATE utf8mb4_unicode_ci NOT NULL,
  `display_name_singular` varchar(255) COLLATE utf8mb4_unicode_ci NOT NULL,
  `display_name_plural` varchar(255) COLLATE utf8mb4_unicode_ci NOT NULL,
  `icon` varchar(255) COLLATE utf8mb4_unicode_ci DEFAULT NULL,
  `model_name` varchar(255) COLLATE utf8mb4_unicode_ci DEFAULT NULL,
  `policy_name` varchar(255) COLLATE utf8mb4_unicode_ci DEFAULT NULL,
  `controller` varchar(255) COLLATE utf8mb4_unicode_ci DEFAULT NULL,
  `description` varchar(255) COLLATE utf8mb4_unicode_ci DEFAULT NULL,
  `generate_permissions` tinyint(1) NOT NULL DEFAULT '0',
  `server_side` tinyint(4) NOT NULL DEFAULT '0',
  `details` text COLLATE utf8mb4_unicode_ci,
  `created_at` timestamp NULL DEFAULT NULL,
  `updated_at` timestamp NULL DEFAULT NULL,
  PRIMARY KEY (`id`),
  UNIQUE KEY `data_types_name_unique` (`name`),
  UNIQUE KEY `data_types_slug_unique` (`slug`)
) ENGINE=InnoDB AUTO_INCREMENT=8 DEFAULT CHARSET=utf8mb4 COLLATE=utf8mb4_unicode_ci;

--
-- Dumping data for table `data_types`
--

INSERT INTO `data_types` VALUES (1,'users','users','User','Users','voyager-person','TCG\\Voyager\\Models\\User','TCG\\Voyager\\Policies\\UserPolicy','TCG\\Voyager\\Http\\Controllers\\VoyagerUserController','',1,0,NULL,'2020-05-11 14:49:48','2020-05-11 14:49:48'),(2,'menus','menus','Menu','Menus','voyager-list','TCG\\Voyager\\Models\\Menu',NULL,'','',1,0,NULL,'2020-05-11 14:49:48','2020-05-11 14:49:48'),(3,'roles','roles','Role','Roles','voyager-lock','TCG\\Voyager\\Models\\Role',NULL,'TCG\\Voyager\\Http\\Controllers\\VoyagerRoleController','',1,0,NULL,'2020-05-11 14:49:48','2020-05-11 14:49:48'),(5,'partners','partners','Partner','Partners','voyager-shop','App\\Partner',NULL,NULL,NULL,1,0,'{\"order_column\":\"name\",\"order_display_column\":\"name\",\"order_direction\":\"asc\",\"default_search_key\":null,\"scope\":null}','2020-05-20 14:50:03','2020-06-30 09:50:53'),(7,'pages','pages','Pagina','Pagine','voyager-documentation','App\\Page',NULL,NULL,NULL,1,0,'{\"order_column\":null,\"order_display_column\":null,\"order_direction\":\"asc\",\"default_search_key\":null,\"scope\":null}','2020-05-28 14:27:20','2020-06-06 14:47:44');

--
-- Table structure for table `failed_jobs`
--

CREATE TABLE `failed_jobs` (
  `id` bigint(20) unsigned NOT NULL AUTO_INCREMENT,
  `connection` text COLLATE utf8mb4_unicode_ci NOT NULL,
  `queue` text COLLATE utf8mb4_unicode_ci NOT NULL,
  `payload` longtext COLLATE utf8mb4_unicode_ci NOT NULL,
  `exception` longtext COLLATE utf8mb4_unicode_ci NOT NULL,
  `failed_at` timestamp NOT NULL DEFAULT CURRENT_TIMESTAMP,
  PRIMARY KEY (`id`)
) ENGINE=InnoDB DEFAULT CHARSET=utf8mb4 COLLATE=utf8mb4_unicode_ci;

--
-- Dumping data for table `failed_jobs`
--


--
-- Table structure for table `menu_items`
--

CREATE TABLE `menu_items` (
  `id` int(10) unsigned NOT NULL AUTO_INCREMENT,
  `menu_id` int(10) unsigned DEFAULT NULL,
  `title` varchar(255) COLLATE utf8mb4_unicode_ci NOT NULL,
  `url` varchar(255) COLLATE utf8mb4_unicode_ci NOT NULL,
  `target` varchar(255) COLLATE utf8mb4_unicode_ci NOT NULL DEFAULT '_self',
  `icon_class` varchar(255) COLLATE utf8mb4_unicode_ci DEFAULT NULL,
  `color` varchar(255) COLLATE utf8mb4_unicode_ci DEFAULT NULL,
  `parent_id` int(11) DEFAULT NULL,
  `order` int(11) NOT NULL,
  `created_at` timestamp NULL DEFAULT NULL,
  `updated_at` timestamp NULL DEFAULT NULL,
  `route` varchar(255) COLLATE utf8mb4_unicode_ci DEFAULT NULL,
  `parameters` text COLLATE utf8mb4_unicode_ci,
  PRIMARY KEY (`id`),
  KEY `menu_items_menu_id_foreign` (`menu_id`),
  CONSTRAINT `menu_items_menu_id_foreign` FOREIGN KEY (`menu_id`) REFERENCES `menus` (`id`) ON DELETE CASCADE
) ENGINE=InnoDB AUTO_INCREMENT=15 DEFAULT CHARSET=utf8mb4 COLLATE=utf8mb4_unicode_ci;

--
-- Dumping data for table `menu_items`
--

INSERT INTO `menu_items` VALUES (2,1,'Media','','_self','voyager-images',NULL,NULL,6,'2020-05-11 14:49:48','2020-05-28 14:46:37','voyager.media.index',NULL),(3,1,'Users','','_self','voyager-person',NULL,NULL,5,'2020-05-11 14:49:48','2020-05-28 14:46:37','voyager.users.index',NULL),(4,1,'Roles','','_self','voyager-lock',NULL,NULL,4,'2020-05-11 14:49:48','2020-05-28 14:46:37','voyager.roles.index',NULL),(5,1,'Tools','','_self','voyager-tools',NULL,NULL,7,'2020-05-11 14:49:48','2020-05-28 14:46:37',NULL,NULL),(6,1,'Menu Builder','','_self','voyager-list',NULL,5,1,'2020-05-11 14:49:48','2020-05-21 11:55:20','voyager.menus.index',NULL),(7,1,'Database','','_self','voyager-data',NULL,5,2,'2020-05-11 14:49:48','2020-05-21 11:55:20','voyager.database.index',NULL),(8,1,'Compass','','_self','voyager-compass',NULL,5,3,'2020-05-11 14:49:48','2020-05-21 11:55:20','voyager.compass.index',NULL),(9,1,'BREAD','','_self','voyager-bread',NULL,5,4,'2020-05-11 14:49:48','2020-05-21 11:55:20','voyager.bread.index',NULL),(10,1,'Settings','','_self','voyager-settings',NULL,NULL,3,'2020-05-11 14:49:48','2020-05-28 14:46:37','voyager.settings.index',NULL),(11,1,'Hooks','','_self','voyager-hook',NULL,5,5,'2020-05-11 14:49:49','2020-05-21 11:55:20','voyager.hooks',NULL),(12,1,'Partners','','_self','voyager-shop',NULL,NULL,1,'2020-05-20 14:50:03','2020-05-21 11:55:20','voyager.partners.index',NULL),(14,1,'Pagine','','_self','voyager-documentation','#000000',NULL,2,'2020-05-28 14:27:20','2020-05-28 14:46:37','voyager.pages.index','null');

--
-- Table structure for table `menus`
--

CREATE TABLE `menus` (
  `id` int(10) unsigned NOT NULL AUTO_INCREMENT,
  `name` varchar(255) COLLATE utf8mb4_unicode_ci NOT NULL,
  `created_at` timestamp NULL DEFAULT NULL,
  `updated_at` timestamp NULL DEFAULT NULL,
  PRIMARY KEY (`id`),
  UNIQUE KEY `menus_name_unique` (`name`)
) ENGINE=InnoDB AUTO_INCREMENT=2 DEFAULT CHARSET=utf8mb4 COLLATE=utf8mb4_unicode_ci;

--
-- Dumping data for table `menus`
--

INSERT INTO `menus` VALUES (1,'admin','2020-05-11 14:49:48','2020-05-11 14:49:48');

--
-- Table structure for table `migrations`
--

CREATE TABLE `migrations` (
  `id` int(10) unsigned NOT NULL AUTO_INCREMENT,
  `migration` varchar(255) COLLATE utf8mb4_unicode_ci NOT NULL,
  `batch` int(11) NOT NULL,
  PRIMARY KEY (`id`)
) ENGINE=InnoDB AUTO_INCREMENT=59 DEFAULT CHARSET=utf8mb4 COLLATE=utf8mb4_unicode_ci;

--
-- Dumping data for table `migrations`
--

INSERT INTO `migrations` VALUES (35,'2014_10_12_000000_create_users_table',1),(36,'2016_01_01_000000_add_voyager_user_fields',1),(37,'2016_01_01_000000_create_data_types_table',1),(38,'2016_05_19_173453_create_menu_table',1),(39,'2016_10_21_190000_create_roles_table',1),(40,'2016_10_21_190000_create_settings_table',1),(41,'2016_11_30_135954_create_permission_table',1),(42,'2016_11_30_141208_create_permission_role_table',1),(43,'2016_12_26_201236_data_types__add__server_side',1),(44,'2017_01_13_000000_add_route_to_menu_items_table',1),(45,'2017_01_14_005015_create_translations_table',1),(46,'2017_01_15_000000_make_table_name_nullable_in_permissions_table',1),(47,'2017_03_06_000000_add_controller_to_data_types_table',1),(48,'2017_04_21_000000_add_order_to_data_rows_table',1),(49,'2017_07_05_210000_add_policyname_to_data_types_table',1),(50,'2017_08_05_000000_add_group_to_settings_table',1),(51,'2017_11_26_013050_add_user_role_relationship',1),(52,'2017_11_26_015000_create_user_roles_table',1),(53,'2018_03_11_000000_add_user_settings',1),(54,'2018_03_14_000000_add_details_to_data_types_table',1),(55,'2018_03_16_000000_make_settings_value_nullable',1),(56,'2019_08_19_000000_create_failed_jobs_table',1),(57,'2020_05_15_145208_create_partners',1),(58,'2020_05_27_131131_create_pages',1);

--
-- Table structure for table `pages`
--

CREATE TABLE `pages` (
  `id` bigint(20) unsigned NOT NULL AUTO_INCREMENT,
  `partner_id` int(10) unsigned NOT NULL,
  `is_parent` tinyint(1) NOT NULL DEFAULT '0',
  `page_id` int(10) unsigned DEFAULT NULL,
  `slug` varchar(255) COLLATE utf8mb4_unicode_ci NOT NULL,
  `menu_order` int(10) unsigned DEFAULT NULL,
  `title` varchar(255) COLLATE utf8mb4_unicode_ci NOT NULL,
  `cover_img` varchar(255) COLLATE utf8mb4_unicode_ci DEFAULT NULL,
  `cover_title` varchar(255) COLLATE utf8mb4_unicode_ci DEFAULT NULL,
  `cover_slogan` varchar(255) COLLATE utf8mb4_unicode_ci DEFAULT NULL,
  `content` longtext COLLATE utf8mb4_unicode_ci,
  `css` longtext COLLATE utf8mb4_unicode_ci,
  `created_at` timestamp NULL DEFAULT NULL,
  `updated_at` timestamp NULL DEFAULT NULL,
  PRIMARY KEY (`id`)
) ENGINE=InnoDB AUTO_INCREMENT=29 DEFAULT CHARSET=utf8mb4 COLLATE=utf8mb4_unicode_ci;

--
-- Dumping data for table `pages`
--

INSERT INTO `pages` VALUES (1,1,0,NULL,'chi-siamo',1,'Chi siamo','pages/May2020/nVB4qtsdjMnYxWpip3AR.jpg','Italiana gas','L\'energia per il tuo vivere','<div class=\"row mt-5 mb-5\">\n<div class=\"col-md-8 offset-md-2 col-12\">\n<table style=\"width: 100%; border-collapse: collapse; margin-left: auto; margin-right: auto;\" border=\"0\" cellpadding=\"10\">\n<tbody>\n<tr>\n<td style=\"width: 50%; vertical-align: top;\"><img style=\"font-size: 14px; float: right;\" src=\"/storage/pages/May2020/50-anni-italianagas.jpg\" alt=\"\" width=\"468\" height=\"312\" /></td>\n<td style=\"padding-left: 40px;\">\n<h2 class=\"vc_custom_heading vc_custom_1567695452695\" style=\"overflow-wrap: break-word; padding: 0px; color: #2d2d2d; line-height: 1.4; font-family: Poppins, sans-serif; font-size: 30px; text-align: left;\">Da 50 anni al passo con la storia dell&rsquo;energia</h2>\n<p style=\"padding-top: 0px; margin: 0px 0px 25px; color: #888888; font-family: \'Open Sans\'; font-size: 15px; text-align: left;\">Da oltre mezzo secolo&nbsp;<span style=\"font-weight: bold;\">ITALIANA GAS</span>&nbsp;svolge la propria attivit&agrave; nel&nbsp;<span style=\"font-weight: bold; margin-bottom: 0px;\">settore energetico</span>&nbsp;offrendo soluzioni sempre al passo con i tempi ed in grado di rispondere alle mutevoli esigenze del mercato e della clientela.</p>\n<p style=\"padding-top: 0px; margin: 0px 0px 25px; color: #888888; font-family: \'Open Sans\'; font-size: 15px; text-align: left;\"><span style=\"font-weight: bold;\">La nostra storia si sovrappone a quella delle differenti soluzioni energetiche per riscaldamento, per trazione, per usi civili ed industriali, per comunit&agrave; sociali.&nbsp;</span>Negli anni sessanta, e per alcuni decenni, le centrali termiche dei condomini e delle abitazioni indipendenti erano alimentate a&nbsp;<span style=\"font-weight: bold; margin-bottom: 0px;\">combustibile liquido</span>&nbsp;(kerosene, gasolio, olio combustibile) e, in molti casi, a combustibile solido (carbone).</p>\n<p style=\"padding-top: 0px; margin: 0px; color: #888888; font-family: \'Open Sans\'; font-size: 15px; text-align: left;\"><span style=\"font-weight: bold; margin-bottom: 0px;\">ITALIANA GAS</span>&nbsp;c&rsquo;era e gi&agrave; da allora perfezionava sempre pi&ugrave; le proprie fonti di approvvigionamento e fornitura delle materie prime.</p>\n</td>\n</tr>\n</tbody>\n</table>\n</div>\n</div>',NULL,'2020-05-27 15:06:00','2020-06-01 11:05:56'),(2,1,1,NULL,'gpl',2,'GPL',NULL,NULL,NULL,NULL,NULL,'2020-06-01 09:55:12','2020-06-01 11:08:12'),(3,1,0,2,'gpl-serbatoi',0,'GPL in Serbatoi',NULL,'Italiana gas','Fornitura GPL in Serbatoi',NULL,NULL,'2020-06-01 09:56:32','2020-06-01 11:05:38'),(4,1,0,2,'gpl-bombole',1,'GPL in Bombole','pages/June2020/DPun8d7ej5w8iLNAJ7hO.jpg','Italiana gas','Forniture GPL in Bombole',NULL,NULL,'2020-06-01 10:42:11','2020-06-01 11:00:38'),(9,3,1,NULL,'gpl',NULL,'GPL',NULL,NULL,NULL,NULL,NULL,'2020-06-08 11:42:50','2020-06-08 11:42:50'),(10,3,0,9,'test-2',NULL,'test',NULL,NULL,NULL,NULL,NULL,'2020-06-08 11:51:27','2020-06-08 11:51:27'),(11,4,0,12,'Gasolio-Riscaldamento',0,'Gasolio Riscaldamento','pages/June2020/IaEj3TYKpSzijMoWaT7I.jpg','Servizi Petroliferi','GASOLIO RISCALDAMENTO','<h3 style=\"margin: 0px 0px 10px; padding: 0px; clear: both; word-break: break-word; color: #3a3a3a; font-variant-numeric: normal; font-variant-east-asian: normal; font-weight: normal; font-stretch: normal; font-size: 28px; line-height: 34px; font-family: \'Roboto Condensed\', Helvetica, Arial, Verdana, sans-serif;\">Gasolio Riscaldamento</h3>\n<h4 style=\"margin: 0px 0px 10px; padding: 0px; clear: both; word-break: break-word; color: #3a3a3a; font-variant-numeric: normal; font-variant-east-asian: normal; font-weight: normal; font-stretch: normal; font-size: 20px; line-height: 26px; font-family: \'Roboto Condensed\', Helvetica, Arial, Verdana, sans-serif;\">Rispetto per l&rsquo;ambiente</h4>\n<p style=\"margin: 0px 0px 10px; padding: 0px; color: #727272; font-family: \'Open Sans\', Helvetica, Arial, Verdana, sans-serif;\">Il gasolio brucia in maniera pi&ugrave; completa e pi&ugrave; efficiente di altri tipi di combustibile, quindi il calore generato da un moderno impianto produce una combustione pi&ugrave; pulita. Questa combustione pulita e l&rsquo;efficiente trasformazione del gasolio in calore significano meno sostanze inquinanti scaricate nell&rsquo; ambiente. Un bruciatore a gasolio correttamente regolato produce un livello di emissioni di fumo e fuliggine pari quasi a zero.</p>\n<h4 style=\"margin: 0px 0px 10px; padding: 0px; clear: both; word-break: break-word; color: #3a3a3a; font-variant-numeric: normal; font-variant-east-asian: normal; font-weight: normal; font-stretch: normal; font-size: 20px; line-height: 26px; font-family: \'Roboto Condensed\', Helvetica, Arial, Verdana, sans-serif;\">Sicurezza</h4>\n<p style=\"margin: 0px 0px 10px; padding: 0px; color: #727272; font-family: \'Open Sans\', Helvetica, Arial, Verdana, sans-serif;\">Il gasolio da riscaldamento non esplode e non brucia allo stato liquido. Una perdita di gasolio non &egrave; un rischio d&rsquo;incendio. Affinch&eacute; il gasolio bruci esso deve venire vaporizzato. Il gas naturale ed il propano invece si incendiano, una volta mescolati con aria, in presenza di una fiamma mentre l&rsquo;elettricit&agrave; pu&ograve; causare scosse mortali.</p>\n<h4 style=\"margin: 0px 0px 10px; padding: 0px; clear: both; word-break: break-word; color: #3a3a3a; font-variant-numeric: normal; font-variant-east-asian: normal; font-weight: normal; font-stretch: normal; font-size: 20px; line-height: 26px; font-family: \'Roboto Condensed\', Helvetica, Arial, Verdana, sans-serif;\">Efficienza</h4>\n<p style=\"margin: 0px 0px 10px; padding: 0px; color: #727272; font-family: \'Open Sans\', Helvetica, Arial, Verdana, sans-serif;\">L&rsquo;impianto di riscaldamento a gasolio presenta notevoli vantaggi in termini di risparmio rispetto ad altri combustibili. Un moderno impianto di riscaldamento a gasolio &egrave; il 15% pi&ugrave; efficiente di uno a gas e oltre il 60% di uno elettrico. In pi&ugrave; il gasolio brucia a temperatura maggiore del gas dando cos&igrave; pi&ugrave; calore, pi&ugrave; rapidamente e pi&ugrave; economicamente.</p>\n<h4 style=\"margin: 0px 0px 10px; padding: 0px; clear: both; word-break: break-word; color: #3a3a3a; font-variant-numeric: normal; font-variant-east-asian: normal; font-weight: normal; font-stretch: normal; font-size: 20px; line-height: 26px; font-family: \'Roboto Condensed\', Helvetica, Arial, Verdana, sans-serif;\">Sicurezza innanzitutto</h4>\n<p style=\"margin: 0px; padding: 0px; color: #727272; font-family: \'Open Sans\', Helvetica, Arial, Verdana, sans-serif;\">Il prodotto che entra nella vostra casa deve essere trattato con cura. Per produrre calore si necessita di un dispositivo (generalmente la vostra caldaia). Il gasolio da riscaldamento &egrave; uno dei prodotti pi&ugrave; sicuri quando si trova allo stato naturale ma, come con tutti i prodotti energetici il pericolo nasce quando il prodotto viene maneggiato per essere bruciato o dalle emissioni generate dalla combustione. Un impianto correttamente regolato ed una periodica manutenzione lo rendono un impianto sicuro, ma possedere un rivelatore di fumo e di monossido di carbonio &egrave; un ottimo strumento per accorgersi di improvvisi malfunzionamenti del bruciatore. Ricordarsi sempre che la SICUREZZA viene prima di tutto.</p>',NULL,'2020-06-12 13:58:29','2020-06-12 14:13:54'),(12,4,1,NULL,'Servizi-Petroliferi',0,'Servizi Petroliferi',NULL,NULL,NULL,NULL,NULL,'2020-06-12 14:11:42','2020-06-12 14:11:42'),(13,4,0,12,'Gasolio-Autotrazione',1,'Gasolio Autotrazione','pages/June2020/f2LRzbJho1j1Wlr08OOh.jpg','Servizi Petroliferi','GASOLIO AUTOTRAZIONE','<h3 style=\"margin: 0px 0px 10px; padding: 0px; clear: both; word-break: break-word; color: #3a3a3a; font-variant-numeric: normal; font-variant-east-asian: normal; font-weight: normal; font-stretch: normal; font-size: 28px; line-height: 34px; font-family: \'Roboto Condensed\', Helvetica, Arial, Verdana, sans-serif;\">Gasolio Autotrazione</h3>\n<h4 style=\"margin: 0px 0px 10px; padding: 0px; clear: both; word-break: break-word; color: #3a3a3a; font-variant-numeric: normal; font-variant-east-asian: normal; font-weight: normal; font-stretch: normal; font-size: 20px; line-height: 26px; font-family: \'Roboto Condensed\', Helvetica, Arial, Verdana, sans-serif;\">Servizio qualit&agrave; fornitura gasolio autotrazione</h4>\n<ul>\n<li style=\"list-style-type: none;\">\n<ul style=\"margin: 0px 0px 10px 20px; padding: 0px; list-style-position: initial; list-style-image: initial; color: #727272; font-family: \'Open Sans\', Helvetica, Arial, Verdana, sans-serif;\">\n<li style=\"margin: 0px; padding: 0px;\">fornitura GASOLIO AUTOTRAZIONE controllata da personale qualificato con patenti ADR</li>\n<li style=\"margin: 0px; padding: 0px;\">automezzi di nuova generazione, dotati di contalitri stampanti e sistema di erogazione</li>\n<li style=\"margin: 0px; padding: 0px;\">certificato garanzia di qualit&agrave; delle forniture e rispetto per l&rsquo;ambiente</li>\n<li style=\"margin: 0px; padding: 0px;\">nostri serbatoi di stoccaggio regolarmente bonificati e certificati per una fornitura di gasolio completamente privo di impurit&agrave;</li>\n<li style=\"margin: 0px; padding: 0px;\">consegne giornaliere reperibilit&agrave; 24 ore su 24</li>\n<li style=\"margin: 0px; padding: 0px;\">consegne urgenti (max 2 ore dall&rsquo;ordine)</li>\n<li style=\"margin: 0px; padding: 0px;\">garanzia forniture con i migliori combustibili&nbsp;sul mercato</li>\n</ul>\n</li>\n</ul>\n<p style=\"margin: 0px 0px 10px; padding: 0px; color: #727272; font-family: \'Open Sans\', Helvetica, Arial, Verdana, sans-serif;\"><span style=\"margin: 0px; padding: 0px; color: #bdbdbd;\">&mdash;&mdash;&mdash;&mdash;&mdash;&mdash;&mdash;&mdash;&mdash;&mdash;&mdash;&mdash;&mdash;&mdash;&mdash;&mdash;&mdash;&mdash;&mdash;&ndash;</span></p>\n<h4 style=\"margin: 0px 0px 10px; padding: 0px; clear: both; word-break: break-word; color: #3a3a3a; font-variant-numeric: normal; font-variant-east-asian: normal; font-weight: normal; font-stretch: normal; font-size: 20px; line-height: 26px; font-family: \'Roboto Condensed\', Helvetica, Arial, Verdana, sans-serif;\">Gasolio autotrazione 0,001 S. Max</h4>\n<p style=\"margin: 0px 0px 10px; padding: 0px; color: #727272; font-family: \'Open Sans\', Helvetica, Arial, Verdana, sans-serif;\">GASOLIO AUTOTRAZIONE invernale 0,001 S. Max dal 15/11 al 28/02<br style=\"margin: 0px; padding: 0px;\" />Gasolio Alpino&nbsp;disponibile tutto l&rsquo;anno</p>\n<h4 style=\"margin: 0px 0px 10px; padding: 0px; clear: both; word-break: break-word; color: #3a3a3a; font-variant-numeric: normal; font-variant-east-asian: normal; font-weight: normal; font-stretch: normal; font-size: 20px; line-height: 26px; font-family: \'Roboto Condensed\', Helvetica, Arial, Verdana, sans-serif;\">Condizioni</h4>\n<p style=\"margin: 0px 0px 10px; padding: 0px; color: #727272; font-family: \'Open Sans\', Helvetica, Arial, Verdana, sans-serif;\">Quotazioni giornaliere e/o contratto fornitura sulla base listino C.C.I.A.A. &ndash; Milano</p>',NULL,'2020-06-12 14:15:58','2020-06-12 14:17:40'),(14,4,0,12,'Benzina-Alchilata',2,'Benzina Alchilata','pages/June2020/7lTStcbPAlwFh9r8JSp8.jpg','Servizi Petroliferi','BENZINA ALCHILATA','<h3 style=\"margin: 0px 0px 10px; padding: 0px; clear: both; word-break: break-word; color: #3a3a3a; font-variant-numeric: normal; font-variant-east-asian: normal; font-weight: normal; font-stretch: normal; font-size: 28px; line-height: 34px; font-family: \'Roboto Condensed\', Helvetica, Arial, Verdana, sans-serif;\">Benzina Alchilata 2T e 4T by ASPEN</h3>\n<p style=\"margin: 0px 0px 10px; padding: 0px; color: #727272; font-family: \'Open Sans\', Helvetica, Arial, Verdana, sans-serif;\">La REDAELLI PETROLI ha intrapreso in via continuativa la commercializzazione del carburante alchilato Aspen per motori ad alte prestazioni e piccola cilindrata &ndash; prodotto dall&rsquo;omonima Azienda svedese, leader in Europa nella produzione dell&rsquo;innovativo prodotto. Il suo utilizzo e&rsquo; consigliato per tutti i lavori che implicano per l&rsquo;operatore l&rsquo;esposizione per lunghi periodi ai gas di scarico delle attrezzature usate e che rappresenta in questo momento il migliore articolo che il mercato propone quale carburante a basso coefficiente d&rsquo;inquinamento. Il carburante Aspen ha infatti tra le sue proprieta&rsquo; principali quella di migliorare le prestazione del motore, di allungarne la vita (diminuendo quindi i costi di manutenzione e fermo macchina), di non inquinare l&rsquo;ambiente ma soprattutto di avere una bassissima interferenza sulla salute degli addetti che si trovano per lungo tempo a svolgere il loro lavoro in prossimit&agrave; dell&rsquo;emissione dei gas di scarico come accade ad esempio durante l&rsquo;uso di motoseghe, decespugliatori, tagliasiepi, rasaerba, etc. Le emissioni da combustione della benzina convenzionale comparate a quelle del carburante Aspen, mostrano valori che indicano in quest&rsquo;ultimo la presenza di benzene e di altri componenti, considerati dai primari Istituti di Ricerca Medica pericolosi per la salute dell&rsquo;uomo, inferiori di oltre il 90%. Sono gi&agrave; molti gli Enti che hanno adottato questo ecologico carburante a modesto impatto ambientale: un importante riconoscimento alla qualit&agrave; del prodotto, &egrave; costituito dal fatto che alcune Comunit&agrave; Montane inserendo Aspen quale carburante utilizzato nella loro filiera, hanno ottenuto il prestigioso riconoscimento della Certificazione Forestale secondo il modulo PEFC, le cui direttive sono alquanto rigorose. La nostra Azienda si rivolge a chi &egrave; tenuto per legge a mettere a disposizione dei suoi collaboratori materiali migliorativi della loro condizione lavorativa e della loro sicurezza, in questo caso l&rsquo;esposizione ai gas di scarico, che possono causare disordini di tipo fisico riscontrabili anche dopo lunghi periodi. Per questo motivo in collaborazione con l&rsquo;Azienda Fercad Spa, importatore unico per l&rsquo;Italia del carburante speciale Aspen, ci mettiamo fin d&rsquo;ora a disposizione per ulteriori informazioni sulle caratteristiche del prodotto contattando in qualsiasi momento il Sig. Lorenzo Redaelli al n&deg;&nbsp;<span style=\"margin: 0px; padding: 0px; font-weight: bold;\">031 200272</span>&nbsp;e-mail&nbsp;<a style=\"margin: 0px; padding: 0px; color: #a81e1e;\" href=\"mailto:info@redaellipetroli.com\"><span style=\"margin: 0px; padding: 0px; font-weight: bold;\">info@redaellipetroli.com</span></a>.</p>\n<h4 style=\"margin: 0px 0px 10px; padding: 0px; clear: both; word-break: break-word; color: #3a3a3a; font-variant-numeric: normal; font-variant-east-asian: normal; font-weight: normal; font-stretch: normal; font-size: 20px; line-height: 26px; font-family: \'Roboto Condensed\', Helvetica, Arial, Verdana, sans-serif;\">SALUTE<br style=\"margin: 0px; padding: 0px;\" />Non contiene elementi tossici</h4>\n<p style=\"margin: 0px 0px 10px; padding: 0px; color: #727272; font-family: \'Open Sans\', Helvetica, Arial, Verdana, sans-serif;\">Aspen ha un bassissimo impatto sulla salute dell&rsquo;operatore che si trova spesso esposto per un tempo prolungato ai gas di scarico con l&rsquo;insorgere cos&igrave; di nausee e senso di malessere. Non provoca irritazioni alle vie respiratorie, alla pelle, agli occhi, ed altre patologie riscontrabili a medio e lungo periodo. Il carburante speciale Aspen contiene solo lo 0,04% di idrocarburi aromatici (contro un valore che pu&ograve; arrivare per legge fino al 42% nella benzina verde senza piombo) che sono responsabili della formazione delle cellule cancerogene. Un fondamentale aiuto per lavorare in maniera salutare!</p>\n<h4 style=\"margin: 0px 0px 10px; padding: 0px; clear: both; word-break: break-word; color: #3a3a3a; font-variant-numeric: normal; font-variant-east-asian: normal; font-weight: normal; font-stretch: normal; font-size: 20px; line-height: 26px; font-family: \'Roboto Condensed\', Helvetica, Arial, Verdana, sans-serif;\">AMBIENTE<br style=\"margin: 0px; padding: 0px;\" />Riduce l&rsquo;inquinamento ambientale</h4>\n<p style=\"margin: 0px 0px 10px; padding: 0px; color: #727272; font-family: \'Open Sans\', Helvetica, Arial, Verdana, sans-serif;\">Aspen non concorre alla formazione di piogge acide ed alla sovrafertilizzazione delle piante perch&eacute; dalla sua combustione viene prodotta una quantit&agrave; minore di ossido di azoto. Usando il carburante speciale Aspen il livello di ozono nelle immediate vicinanze nella zona di emissione, &egrave; inferiore di oltre il 40% rispetto ad altri carburanti. Non inquina e preserva l&rsquo;ambiente!</p>\n<h4 style=\"margin: 0px 0px 10px; padding: 0px; clear: both; word-break: break-word; color: #3a3a3a; font-variant-numeric: normal; font-variant-east-asian: normal; font-weight: normal; font-stretch: normal; font-size: 20px; line-height: 26px; font-family: \'Roboto Condensed\', Helvetica, Arial, Verdana, sans-serif;\">MOTORE<br style=\"margin: 0px; padding: 0px;\" />Diminuisce la necessit&agrave; di manutenzione</h4>\n<p style=\"margin: 0px 0px 10px; padding: 0px; color: #727272; font-family: \'Open Sans\', Helvetica, Arial, Verdana, sans-serif;\">Aspen &egrave; adatto per tutti i motori a 2T e 4T raffreddati ad aria ed azzera le possibilit&agrave; di grippaggio in fase di accensione. Pu&ograve; essere lasciato all&rsquo;interno dei serbatoi per lunghi periodi senza il rischio che si deteriori come succede al carburante composto con benzina verde. Il carburante speciale Aspen ha un elevato grado di affidabilit&agrave;: migliora le prestazioni, la pulizia e la funzionalit&agrave; del motore riducendo la necessit&agrave; di costose manutenzioni. Contribuisce ad un grande risparmio economico!</p>\n<h4 style=\"margin: 0px 0px 10px; padding: 0px; clear: both; word-break: break-word; color: #3a3a3a; font-variant-numeric: normal; font-variant-east-asian: normal; font-weight: normal; font-stretch: normal; font-size: 20px; line-height: 26px; font-family: \'Roboto Condensed\', Helvetica, Arial, Verdana, sans-serif;\">PRODUZIONE<br style=\"margin: 0px; padding: 0px;\" />Composto da soli 10 elementi</h4>\n<p style=\"margin: 0px 0px 10px; padding: 0px; color: #727272; font-family: \'Open Sans\', Helvetica, Arial, Verdana, sans-serif;\">Aspen &egrave; prodotto attraverso il processo di alchilazione che &egrave; la sequenza di raffinazione del petrolio pi&ugrave; pura attualmente conosciuta. Il carburante speciale Aspen &egrave; composto da soli 10 elementi contro le oltre 100 sostanze che compongono la benzina verde. Meno sostanze che la compongono, pi&ugrave; facilit&agrave; di controllo delle emissioni!</p>\n<h4 style=\"margin: 0px 0px 10px; padding: 0px; clear: both; word-break: break-word; color: #3a3a3a; font-variant-numeric: normal; font-variant-east-asian: normal; font-weight: normal; font-stretch: normal; font-size: 20px; line-height: 26px; font-family: \'Roboto Condensed\', Helvetica, Arial, Verdana, sans-serif;\">FACILIT&Agrave; D&rsquo;USO<br style=\"margin: 0px; padding: 0px;\" />Mantiene costante la carburazione</h4>\n<p style=\"margin: 0px 0px 10px; padding: 0px; color: #727272; font-family: \'Open Sans\', Helvetica, Arial, Verdana, sans-serif;\">Aspen 2T &egrave; gi&agrave; pronto per essere usato perch&eacute; miscelato al 2% con olio sintetico e perci&ograve; mantiene costante la carburazione del motore limitando ulteriori manutenzioni ed elevate emissioni di gas incombusti. Il carburante speciale Aspen &egrave; venduto in comode ed ecologiche taniche presso centri specializzati qualificati: un solo luogo per un migliore servizio. Pi&ugrave; comodit&agrave; e pi&ugrave; razionalit&agrave; d&rsquo;uso!</p>\n<h4 style=\"margin: 0px 0px 10px; padding: 0px; clear: both; word-break: break-word; color: #3a3a3a; font-variant-numeric: normal; font-variant-east-asian: normal; font-weight: normal; font-stretch: normal; font-size: 20px; line-height: 26px; font-family: \'Roboto Condensed\', Helvetica, Arial, Verdana, sans-serif;\">STOCCAGGIO<br style=\"margin: 0px; padding: 0px;\" />Pu&ograve; essere conservato per lunghi periodi</h4>\n<p style=\"margin: 0px 0px 10px; padding: 0px; color: #727272; font-family: \'Open Sans\', Helvetica, Arial, Verdana, sans-serif;\">Aspen pu&ograve; essere conservato anche per lunghi periodi (anche fino a 3 anni) senza che le percentuali di miscelazione cambino come succede con carburanti miscelati con la benzina verde che &egrave; molto volatile. Nel carburante speciale Aspen non si alterano i componenti ed anche questo &egrave; un vantaggio perch&eacute; non si deve buttare per evitare dannose conseguenze al carburatore del motore. E&rsquo; venduto in pratiche confezioni da 5/25/200 Litri. Un consistente contributo a non sprecare carburante!</p>',NULL,'2020-06-12 14:20:25','2020-06-12 14:21:17'),(15,4,1,NULL,'Servizi-Tecnologici',1,'Servizi Tecnologici',NULL,NULL,NULL,NULL,NULL,'2020-06-12 14:26:09','2020-06-12 14:26:09'),(16,4,0,15,'Bonifiche-e-Prove',0,'Bonifiche e Prove','pages/June2020/LKoiqwwFnaaZ4wxQ5eLu.jpg','Servizi Tecnologici','BONIFICHE E PROVE','<h3 style=\"margin: 0px 0px 10px; padding: 0px; clear: both; word-break: break-word; color: #3a3a3a; font-variant-numeric: normal; font-variant-east-asian: normal; font-weight: normal; font-stretch: normal; font-size: 28px; line-height: 34px; font-family: \'Roboto Condensed\', Helvetica, Arial, Verdana, sans-serif;\">Bonifiche&nbsp;e prove di tenuta di serbatoi</h3>\n<p style=\"margin: 0px; padding: 0px; color: #727272; font-family: \'Open Sans\', Helvetica, Arial, Verdana, sans-serif;\">Forte dell&rsquo;esperienza maturata dal proprio staff tecnico, REDAELLI PETROLI ha sviluppato con particolare attenzione il settore dedicato alla bonifica ed ai controlli non distruttivi dei serbatoi di stoccaggio sia civili che industriali. Nell&rsquo;assoluto rispetto delle norme miranti alla tutela e alla salvaguardia del territorio, REDAELLI PETROLI esegue prove di tenuta, controlli spessimetrici, rilevazioni di gas, rilasciando le relative certificazioni. Inoltre, verificata la qualit&agrave; ed il grado di usura dei serbatoi, REDAELLI PETROLI &egrave; in grado di provvedere al risanamento degli stessi mediante l&rsquo; applicazione di un rivestimento interno in vetroresina o, a richiesta, sabbiatura e verniciatura.</p>',NULL,'2020-06-12 14:30:10','2020-06-12 14:30:10'),(17,4,0,15,'Serbatoi',1,'Serbatoi','pages/June2020/ofeWTTQ1Hlctnvpk3Yr7.jpg','Servizi Tecnologici','SERBATOI','<div class=\"vc_row wpb_row wf-container\" style=\"margin: -15px -22px 0px; padding: 0px; box-sizing: border-box; font-size: 0px; line-height: 0; word-spacing: -4px; position: relative; min-height: 0px;\">\n<div class=\"wpb_column vc_column_container vc_col-sm-12\" style=\"margin: 0px; padding: 0px 22px; position: relative; min-height: 1px; box-sizing: border-box; float: left; width: 781.625px; font-variant-numeric: normal; font-variant-east-asian: normal; font-stretch: normal; font-size: 14px; line-height: 24px; font-family: \'Open Sans\', Helvetica, Arial, Verdana, sans-serif; word-spacing: normal; color: #727272;\">\n<div class=\"wpb_wrapper\" style=\"margin: 0px; padding: 0px;\">\n<div class=\"wpb_text_column wpb_content_element \" style=\"padding: 0px; margin: 0px 0px 0px !important 0px;\">\n<div class=\"wpb_wrapper\" style=\"margin: 0px; padding: 0px;\">\n<h3 style=\"margin: 0px 0px 10px; padding: 0px; clear: both; word-break: break-word; color: #3a3a3a; font-variant-numeric: normal; font-variant-east-asian: normal; font-weight: normal; font-stretch: normal; font-size: 28px; line-height: 34px; font-family: \'Roboto Condensed\', Helvetica, Arial, Verdana, sans-serif;\">Serbatoi&nbsp;distributori mobili</h3>\n<p style=\"margin: 0px 0px 10px; padding: 0px;\">Questa tipologia, classificata come &ldquo;Contenitori-Distributori mobili&rdquo;, &egrave; rivolta ad un uso privato, per carburanti. cio&egrave;, liquidi di categoria &ldquo;C&rdquo; come gasolio da autotrazione. Viene costruita ad asse orizzontale cilindrico con piedi antirotolamento, in lamiera di acciaio al carbonio S235JR conforme al D.M. 19/03/90 e successive integrazioni e modifiche, completo di golfari di sollevamento.<br style=\"margin: 0px; padding: 0px;\" />Tutta la gamma viene trattata esternamente con vernice antiruggine blu (sistema &ldquo;airless&rdquo;) e collaudata a pressionedi1ATM.</p>\n<h4 style=\"margin: 0px; padding: 0px; clear: both; word-break: break-word; color: #3a3a3a; font-variant-numeric: normal; font-variant-east-asian: normal; font-weight: normal; font-stretch: normal; font-size: 20px; line-height: 26px; font-family: \'Roboto Condensed\', Helvetica, Arial, Verdana, sans-serif;\">&nbsp;</h4>\n</div>\n</div>\n<div class=\"vc_row wpb_row vc_inner wf-container\" style=\"margin: 0px -22px; padding: 0px; box-sizing: border-box; font-size: 0px; line-height: 0; word-spacing: -4px; position: relative; min-height: 0px;\">\n<div class=\"wpb_column vc_column_container vc_col-sm-6\" style=\"margin: 0px; padding: 0px 22px; position: relative; min-height: 1px; box-sizing: border-box; float: left; width: 390.813px; font-variant-numeric: normal; font-variant-east-asian: normal; font-stretch: normal; font-size: 14px; line-height: 24px; word-spacing: normal;\">\n<div class=\"wpb_wrapper\" style=\"margin: 0px; padding: 0px;\">\n<div class=\"wpb_single_image wpb_content_element vc_align_right\" style=\"margin: 0px; padding: 0px; text-align: right;\">\n<div class=\"wpb_wrapper\" style=\"margin: 0px; padding: 0px;\">\n<div class=\"vc_single_image-wrapper   vc_box_border_grey\" style=\"margin: 0px; padding: 0px; display: inline-block; vertical-align: top; max-width: 100%; line-height: 0;\"><img class=\"vc_single_image-img attachment-full\" style=\"margin: 0px; padding: 0px; border: 0px; vertical-align: top; height: auto; max-width: 100%;\" src=\"https://www.redaellipetroli.com/wp-content/uploads/2015/11/serbatoio11.jpg\" alt=\"serbatoio1\" width=\"228\" height=\"164\" /></div>\n</div>\n</div>\n</div>\n</div>\n<div class=\"wpb_column vc_column_container vc_col-sm-6\" style=\"margin: 0px; padding: 0px 22px; position: relative; min-height: 1px; box-sizing: border-box; float: left; width: 390.813px; font-variant-numeric: normal; font-variant-east-asian: normal; font-stretch: normal; font-size: 14px; line-height: 24px; word-spacing: normal;\">\n<div class=\"wpb_wrapper\" style=\"margin: 0px; padding: 0px;\">\n<div class=\"wpb_single_image wpb_content_element vc_align_left\" style=\"margin: 0px; padding: 0px;\">\n<div class=\"wpb_wrapper\" style=\"margin: 0px; padding: 0px;\">\n<div class=\"vc_single_image-wrapper   vc_box_border_grey\" style=\"margin: 0px; padding: 0px; display: inline-block; vertical-align: top; max-width: 100%; line-height: 0;\"><img class=\"vc_single_image-img attachment-full\" style=\"margin: 0px; padding: 0px; border: 0px; vertical-align: top; height: auto; max-width: 100%;\" src=\"https://www.redaellipetroli.com/wp-content/uploads/2015/11/serbatoio21.jpg\" alt=\"serbatoio2\" width=\"232\" height=\"164\" /></div>\n</div>\n</div>\n</div>\n</div>\n</div>\n<div class=\"wpb_text_column wpb_content_element  vc_custom_1446815835034\" style=\"padding: 0px; margin: 35px !important 0px 0px !important 0px;\">\n<div class=\"wpb_wrapper\" style=\"margin: 0px; padding: 0px;\">\n<h4 style=\"margin: 0px 0px 10px; padding: 0px; clear: both; word-break: break-word; color: #3a3a3a; font-variant-numeric: normal; font-variant-east-asian: normal; font-weight: normal; font-stretch: normal; font-size: 20px; line-height: 26px; font-family: \'Roboto Condensed\', Helvetica, Arial, Verdana, sans-serif;\">&nbsp;</h4>\n<h4 style=\"margin: 0px 0px 10px; padding: 0px; clear: both; word-break: break-word; color: #3a3a3a; font-variant-numeric: normal; font-variant-east-asian: normal; font-weight: normal; font-stretch: normal; font-size: 20px; line-height: 26px; font-family: \'Roboto Condensed\', Helvetica, Arial, Verdana, sans-serif;\">&nbsp;</h4>\n<h4 style=\"margin: 0px 0px 10px; padding: 0px; clear: both; word-break: break-word; color: #3a3a3a; font-variant-numeric: normal; font-variant-east-asian: normal; font-weight: normal; font-stretch: normal; font-size: 20px; line-height: 26px; font-family: \'Roboto Condensed\', Helvetica, Arial, Verdana, sans-serif;\">I serbatoi erogatori mobili sono forniti di:</h4>\n<ul>\n<li style=\"list-style-type: none;\">\n<ul style=\"margin: 0px 0px 10px 20px; padding: 0px; list-style-position: initial; list-style-image: initial;\">\n<li style=\"margin: 0px; padding: 0px;\">Gruppo di erogazione. contenuto in apposita cassetta metallica, con chiusura a chiave, composto da pompa, contalitri. pistola automatica e manichetta da 4 metri (su richiesta fino a max 10 metri) &ndash; Passo d&rsquo;uomo 400 mm con bulloni e guarnizioni</li>\n<li style=\"margin: 0px; padding: 0px;\">Indicatore di livello ad orologio</li>\n<li style=\"margin: 0px; padding: 0px;\">Apparecchiature di sicurezza (sensore di minimo livello, quadro elettrico, valvola di fondo 1&Prime;, sfiato, valvola limitatrice di carico al 9D% del riempimento omologata; tappo a ghiera; scarico di fondo; messa a terra)</li>\n<li style=\"margin: 0px; padding: 0px;\">Bacino di contenimento in lamiera di acciaio al carbonio S235JR, prowisto di attacco di messa a terra, manicotto per lo scarico con tappo, e di predisposizione per tettoia.</li>\n<li style=\"margin: 0px; padding: 0px;\">Tettoia di protezione con telaio e copertura in lamiera zincata (opzionale)</li>\n</ul>\n</li>\n</ul>\n<p style=\"margin: 0px 0px 10px; padding: 0px;\">Ciascun prodotto viene consegnato con il Certificato di Collaudo, tabella metrica, Manuale di uso e manutenzione (certificazione CE) ed il Certificato di Omologazione del Ministero dell&rsquo;Interno n.3704/113B/336/37/2B, in conformit&agrave; al D.M. 19/03/90 e successive modifiche. Alla categoria in oggetto sono inoltre legati diversi sistemi di controllo gestionale dei rifornimenti. Tutti i nostri serbatoi sono dotati di filtro in uscita intercambiabile.</p>\n<h4 style=\"margin: 0px 0px 10px; padding: 0px; clear: both; word-break: break-word; color: #3a3a3a; font-variant-numeric: normal; font-variant-east-asian: normal; font-weight: normal; font-stretch: normal; font-size: 20px; line-height: 26px; font-family: \'Roboto Condensed\', Helvetica, Arial, Verdana, sans-serif;\">CARATTERISTICHE TECNICHE GRUPPO DI EROGAZIONE<br style=\"margin: 0px; padding: 0px;\" />Gruppo pompa standard:</h4>\n<ul>\n<li style=\"list-style-type: none;\">\n<ul style=\"margin: 0px 0px 10px 20px; padding: 0px; list-style-position: initial; list-style-image: initial;\">\n<li style=\"margin: 0px; padding: 0px;\">portata 55-80 Ltlmin.</li>\n<li style=\"margin: 0px; padding: 0px;\">alimentazione 220V.</li>\n<li style=\"margin: 0px; padding: 0px;\">by-pass regolabile.</li>\n<li style=\"margin: 0px; padding: 0px;\">aspirazione massima 5 metri.</li>\n<li style=\"margin: 0px; padding: 0px;\">raccordi &ndash; GAS.</li>\n</ul>\n</li>\n</ul>\n<p style=\"margin: 0px 0px 10px; padding: 0px;\">In alternativa. su richiesta. si possono avere Gruppi Pompa con caratteristiche diverse, quali:</p>\n<ul>\n<li style=\"list-style-type: none;\">\n<ul style=\"margin: 0px 0px 10px 20px; padding: 0px; list-style-position: initial; list-style-image: initial;\">\n<li style=\"margin: 0px; padding: 0px;\">portata 80 ltlmin &ndash; alimentazione 380 V.</li>\n<li style=\"margin: 0px; padding: 0px;\">portata 35 ltlmin &ndash; alimentazione 12 V.</li>\n<li style=\"margin: 0px; padding: 0px;\">portata 55 ltlmin &ndash; alimentazione 12 V.</li>\n<li style=\"margin: 0px; padding: 0px;\">portata 80 ltlmin &ndash; alimentazione 12 V.</li>\n<li style=\"margin: 0px; padding: 0px;\">portata 80 ltlmin &ndash; alimentazione 24 V.</li>\n</ul>\n</li>\n</ul>\n<h4 style=\"margin: 0px 0px 10px; padding: 0px; clear: both; word-break: break-word; color: #3a3a3a; font-variant-numeric: normal; font-variant-east-asian: normal; font-weight: normal; font-stretch: normal; font-size: 20px; line-height: 26px; font-family: \'Roboto Condensed\', Helvetica, Arial, Verdana, sans-serif;\">Contalitri standard:</h4>\n<p style=\"margin: 0px 0px 10px; padding: 0px;\"><span style=\"margin: 0px; padding: 0px; font-weight: bold;\">modo K33</span>&nbsp;&ndash; contatore volumetrico non tarabile ad uso esclusivamente privato con Parziale a tre cifre azzerabile e Totalizzatore progressivo a sei cifre (non azzerabile).</p>\n<p style=\"margin: 0px 0px 10px; padding: 0px;\">In alternativa, su richiesta, si pu&ograve; avere il contalitri &ndash;<span style=\"margin: 0px; padding: 0px; font-weight: bold;\">&nbsp;modo K44</span>&nbsp;che si differenzia per le seguenti caratteristiche:<br style=\"margin: 0px; padding: 0px;\" />contatore Parziale a quattro cifre, azzerabile, e Totalizzatore progressivo a sette cifre; inoltre, dotandolo di pulser (conta impulsi), questo conta litri pu&ograve; essere connesso ad un Sistema di controllo gestionale dei rifornimenti.</p>\n<p style=\"margin: 0px; padding: 0px;\">In alternativa. su richiesta. si possono avere Gruppi Pompa&nbsp;<span style=\"margin: 0px; padding: 0px; font-weight: bold;\">A COLONNINA</span>:<br style=\"margin: 0px; padding: 0px;\" />Gruppo a colonnina SELF SERVICE K44 TANK: colonnina in metallo h.=990 mm., alimentazione 220 V., portate da 70 a 90 Lt./min., filtro aspirazione, mt. 4 tubo erogazione, pistola automatica, contalitri K44, quadro elettrico di comando.</p>\n</div>\n</div>\n<div class=\"vc_row wpb_row vc_inner wf-container\" style=\"margin: 0px -22px; padding: 0px; box-sizing: border-box; font-size: 0px; line-height: 0; word-spacing: -4px; position: relative; min-height: 0px;\">\n<div class=\"wpb_column vc_column_container vc_col-sm-4\" style=\"margin: 0px; padding: 0px 22px; position: relative; min-height: 1px; box-sizing: border-box; float: left; width: 260.531px; font-variant-numeric: normal; font-variant-east-asian: normal; font-stretch: normal; font-size: 14px; line-height: 24px; word-spacing: normal;\">\n<div class=\"wpb_wrapper\" style=\"margin: 0px; padding: 0px;\">\n<div class=\"wpb_single_image wpb_content_element vc_align_center\" style=\"margin: 0px; padding: 0px; text-align: center;\">\n<div class=\"wpb_wrapper\" style=\"margin: 0px; padding: 0px;\">\n<div class=\"vc_single_image-wrapper   vc_box_border_grey\" style=\"margin: 0px; padding: 0px; display: inline-block; vertical-align: top; max-width: 100%; line-height: 0;\"><img class=\"vc_single_image-img attachment-full\" style=\"margin: 0px; padding: 0px; border: 0px; vertical-align: top; height: auto; max-width: 100%;\" src=\"https://www.redaellipetroli.com/wp-content/uploads/2015/11/serbatoio3.jpg\" alt=\"serbatoio3\" width=\"160\" height=\"150\" /></div>\n</div>\n</div>\n</div>\n</div>\n<div class=\"wpb_column vc_column_container vc_col-sm-4\" style=\"margin: 0px; padding: 0px 22px; position: relative; min-height: 1px; box-sizing: border-box; float: left; width: 260.531px; font-variant-numeric: normal; font-variant-east-asian: normal; font-stretch: normal; font-size: 14px; line-height: 24px; word-spacing: normal;\">\n<div class=\"wpb_wrapper\" style=\"margin: 0px; padding: 0px;\">\n<div class=\"wpb_single_image wpb_content_element vc_align_center\" style=\"margin: 0px; padding: 0px; text-align: center;\">\n<div class=\"wpb_wrapper\" style=\"margin: 0px; padding: 0px;\">\n<div class=\"vc_single_image-wrapper   vc_box_border_grey\" style=\"margin: 0px; padding: 0px; display: inline-block; vertical-align: top; max-width: 100%; line-height: 0;\"><img class=\"vc_single_image-img attachment-large\" style=\"margin: 0px; padding: 0px; border: 0px; vertical-align: top; height: auto; max-width: 100%;\" src=\"https://www.redaellipetroli.com/wp-content/uploads/2015/11/serbatoio4.jpg\" alt=\"serbatoio4\" width=\"200\" height=\"145\" /></div>\n</div>\n</div>\n</div>\n</div>\n<div class=\"wpb_column vc_column_container vc_col-sm-4\" style=\"margin: 0px; padding: 0px 22px; position: relative; min-height: 1px; box-sizing: border-box; float: left; width: 260.531px; font-variant-numeric: normal; font-variant-east-asian: normal; font-stretch: normal; font-size: 14px; line-height: 24px; word-spacing: normal;\">\n<div class=\"wpb_wrapper\" style=\"margin: 0px; padding: 0px;\">\n<div class=\"wpb_single_image wpb_content_element vc_align_center\" style=\"margin: 0px; padding: 0px; text-align: center;\">\n<div class=\"wpb_wrapper\" style=\"margin: 0px; padding: 0px;\">\n<div class=\"vc_single_image-wrapper   vc_box_border_grey\" style=\"margin: 0px; padding: 0px; display: inline-block; vertical-align: top; max-width: 100%; line-height: 0;\"><img class=\"vc_single_image-img attachment-full\" style=\"margin: 0px; padding: 0px; border: 0px; vertical-align: top; height: auto; max-width: 100%;\" src=\"https://www.redaellipetroli.com/wp-content/uploads/2015/11/serbatoio5.jpg\" alt=\"serbatoio5\" width=\"78\" height=\"127\" /></div>\n</div>\n</div>\n</div>\n</div>\n</div>\n<div class=\"vc_row wpb_row vc_inner wf-container\" style=\"margin: 0px -22px; padding: 0px; box-sizing: border-box; font-size: 0px; line-height: 0; word-spacing: -4px; position: relative; min-height: 0px;\">\n<div class=\"wpb_column vc_column_container vc_col-sm-4\" style=\"margin: 0px; padding: 0px 22px; position: relative; min-height: 1px; box-sizing: border-box; float: left; width: 260.531px; font-variant-numeric: normal; font-variant-east-asian: normal; font-stretch: normal; font-size: 14px; line-height: 24px; word-spacing: normal;\">\n<div class=\"wpb_wrapper\" style=\"margin: 0px; padding: 0px;\">\n<div class=\"wpb_text_column wpb_content_element \" style=\"margin: 0px; padding: 0px;\">\n<div class=\"wpb_wrapper\" style=\"margin: 0px; padding: 0px;\">\n<div id=\"col1\" style=\"margin: 0px; padding: 0px;\">\n<div class=\"short\" style=\"margin: 0px; padding: 0px; text-align: center;\"><span style=\"margin: 0px; padding: 0px; font-weight: bold;\">Omologati da trasporto</span></div>\n</div>\n</div>\n</div>\n</div>\n</div>\n<div class=\"wpb_column vc_column_container vc_col-sm-4\" style=\"margin: 0px; padding: 0px 22px; position: relative; min-height: 1px; box-sizing: border-box; float: left; width: 260.531px; font-variant-numeric: normal; font-variant-east-asian: normal; font-stretch: normal; font-size: 14px; line-height: 24px; word-spacing: normal;\">\n<div class=\"wpb_wrapper\" style=\"margin: 0px; padding: 0px;\">\n<div class=\"wpb_text_column wpb_content_element \" style=\"margin: 0px; padding: 0px;\">\n<div class=\"wpb_wrapper\" style=\"margin: 0px; padding: 0px;\">\n<p style=\"margin: 0px; padding: 0px; text-align: center;\"><span style=\"margin: 0px; padding: 0px; font-weight: bold;\">Cisterne per raccolta olio esausto</span></p>\n</div>\n</div>\n</div>\n</div>\n<div class=\"wpb_column vc_column_container vc_col-sm-4\" style=\"margin: 0px; padding: 0px 22px; position: relative; min-height: 1px; box-sizing: border-box; float: left; width: 260.531px; font-variant-numeric: normal; font-variant-east-asian: normal; font-stretch: normal; font-size: 14px; line-height: 24px; word-spacing: normal;\">\n<div class=\"wpb_wrapper\" style=\"margin: 0px; padding: 0px;\">\n<div class=\"wpb_text_column wpb_content_element \" style=\"margin: 0px; padding: 0px;\">\n<div class=\"wpb_wrapper\" style=\"margin: 0px; padding: 0px;\">\n<p style=\"margin: 0px; padding: 0px; text-align: center;\"><span style=\"margin: 0px; padding: 0px; font-weight: bold;\">Colonnine per rifornimento erogano da 70 a 100 litri/min</span></p>\n</div>\n</div>\n</div>\n</div>\n</div>\n<div class=\"vc_row wpb_row vc_inner wf-container\" style=\"margin: 0px -22px; padding: 0px; box-sizing: border-box; font-size: 0px; line-height: 0; word-spacing: -4px; position: relative; min-height: 0px;\">\n<div class=\"wpb_column vc_column_container vc_col-sm-3\" style=\"margin: 0px; padding: 0px 22px; position: relative; min-height: 1px; box-sizing: border-box; float: left; width: 195.406px; font-variant-numeric: normal; font-variant-east-asian: normal; font-stretch: normal; font-size: 14px; line-height: 24px; word-spacing: normal;\">\n<div class=\"wpb_wrapper\" style=\"margin: 0px; padding: 0px;\">&nbsp;</div>\n</div>\n<div class=\"wpb_column vc_column_container vc_col-sm-9\" style=\"margin: 0px; padding: 0px 22px; position: relative; min-height: 1px; box-sizing: border-box; float: left; width: 586.219px; font-variant-numeric: normal; font-variant-east-asian: normal; font-stretch: normal; font-size: 14px; line-height: 24px; word-spacing: normal;\">\n<div class=\"wpb_wrapper\" style=\"margin: 0px; padding: 0px;\">&nbsp;</div>\n</div>\n</div>\n</div>\n</div>\n</div>\n<div class=\"vc_row wpb_row wf-container\" style=\"margin: 30px -22px; padding: 0px; box-sizing: border-box; font-size: 0px; line-height: 0; word-spacing: -4px; position: relative; min-height: 0px;\">\n<div class=\"wpb_column vc_column_container vc_col-sm-12\" style=\"margin: 0px; padding: 0px 22px; position: relative; min-height: 1px; box-sizing: border-box; float: left; width: 781.625px; font-variant-numeric: normal; font-variant-east-asian: normal; font-stretch: normal; font-size: 14px; line-height: 24px; font-family: \'Open Sans\', Helvetica, Arial, Verdana, sans-serif; word-spacing: normal; color: #727272;\">\n<div class=\"wpb_wrapper\" style=\"margin: 0px; padding: 0px;\">\n<div class=\"vc_empty_space  vc_custom_1445006159392\" style=\"margin: 0px; padding: 0px; clear: both; background-color: #cccccc !important; height: 2px;\">&nbsp;</div>\n</div>\n</div>\n</div>\n<div class=\"vc_row wpb_row wf-container\" style=\"margin: 0px -22px; padding: 0px; box-sizing: border-box; font-size: 0px; line-height: 0; word-spacing: -4px; position: relative; min-height: 0px;\">\n<div class=\"wpb_column vc_column_container vc_col-sm-12\" style=\"margin: 0px; padding: 0px 22px; position: relative; min-height: 1px; box-sizing: border-box; float: left; width: 781.625px; font-variant-numeric: normal; font-variant-east-asian: normal; font-stretch: normal; font-size: 14px; line-height: 24px; font-family: \'Open Sans\', Helvetica, Arial, Verdana, sans-serif; word-spacing: normal; color: #727272;\">\n<div class=\"wpb_wrapper\" style=\"margin: 0px; padding: 0px;\">\n<div class=\"wpb_text_column wpb_content_element \" style=\"padding: 0px; margin: 0px 0px 0px !important 0px;\">\n<div class=\"wpb_wrapper\" style=\"margin: 0px; padding: 0px;\">\n<h4 style=\"margin: 0px; padding: 0px; clear: both; word-break: break-word; color: #3a3a3a; font-variant-numeric: normal; font-variant-east-asian: normal; font-weight: normal; font-stretch: normal; font-size: 20px; line-height: 26px; font-family: \'Roboto Condensed\', Helvetica, Arial, Verdana, sans-serif; text-align: center;\">Consulta la tabella serbatoi:</h4>\n</div>\n</div>\n<div class=\"wpb_single_image wpb_content_element vc_align_center\" style=\"margin: 0px; padding: 0px; text-align: center;\">\n<div class=\"wpb_wrapper\" style=\"margin: 0px; padding: 0px;\">\n<div class=\"vc_single_image-wrapper   vc_box_border_grey\" style=\"margin: 0px; padding: 0px; display: inline-block; vertical-align: top; max-width: 100%; line-height: 0;\"><a class=\"dt-mfp-item mfp-image dt-single-mfp-popup rollover rollover-zoom mfp-ready this-ready ripple\" style=\"margin: 0px; padding: 0px; text-decoration-line: none; color: #a81e1e; position: relative; display: inline-block; line-height: 0; border: none; outline: none; max-width: 100%; -webkit-tap-highlight-color: rgba(0, 0, 0, 0);\" href=\"https://www.redaellipetroli.com/wp-content/uploads/2015/11/tabella_serbatoi_ok.jpg\" target=\"_self\"><img class=\"vc_single_image-img attachment-medium\" style=\"margin: 0px; padding: 0px; border: 0px; vertical-align: top; height: auto; max-width: 100%;\" src=\"https://www.redaellipetroli.com/wp-content/uploads/2015/11/tabella_serbatoi_ok-204x300.jpg\" alt=\"tabella_serbatoi_ok\" width=\"204\" height=\"300\" /></a></div>\n</div>\n<p>&nbsp;</p>\n</div>\n</div>\n</div>\n</div>',NULL,'2020-06-12 14:51:05','2020-06-12 14:51:05'),(18,4,0,15,'Gestione-Impianti-Termici',2,'Gestione Impianti Termici','pages/June2020/8IjJRu5RZdfkhHDxMveX.jpg','Servizi Tecnologici','GESTIONE IMPIANTI TERMICI','<h3 style=\"margin: 0px 0px 10px; padding: 0px; clear: both; word-break: break-word; color: #3a3a3a; font-variant-numeric: normal; font-variant-east-asian: normal; font-weight: normal; font-stretch: normal; font-size: 28px; line-height: 34px; font-family: \'Roboto Condensed\', Helvetica, Arial, Verdana, sans-serif;\">Gestione Impianti Termici</h3>\n<p style=\"margin: 0px; padding: 0px; color: #727272; font-family: \'Open Sans\', Helvetica, Arial, Verdana, sans-serif;\">La REDAELLI PETROLI, in collaborazione con primarie aziende settore termoidraulico, &egrave; in grado di seguire la propria clientela nella gestione e manutenzione degli impianti termici nonch&eacute; nelle delicate opere di trasformazione, seguendo il cliente nelle sue scelte.</p>',NULL,'2020-06-12 14:55:57','2020-06-12 14:55:57'),(19,9,0,NULL,'chi-siamo',0,'CHI SIAMO','pages/October2020/xvelfIwvWp8Uei9F8R9e.jpg','Chi Siamo','Breve cenno storico sulla storia della Guido Baldini Sas','<h3><strong><span style=\"mso-fareast-language: EN-US;\">Perch&eacute; l&rsquo;azienda si chiama GUIDO BALDINI?</span></strong></h3>\n<h5 class=\"MsoNormal\">&nbsp;</h5>\n<h5 class=\"MsoNormal\"><span style=\"color: #999999;\">Perch&egrave; la ditta nasce da una visione e una &ldquo;scommessa d&rsquo;impresa&rdquo; da parte &ldquo;del Guido&rdquo; Baldini di Mombello, che inizia la sua avventura nella commercializzazione del carbone e della legna da ardere pi&ugrave; di 50 anni fa e da allora non si &egrave; pi&ugrave; fermata.</span></h5>\n<p>&nbsp;</p>\n<table id=\"baldini_table\" style=\"width: 100%; border-collapse: collapse;\" border=\"0\">\n<tbody>\n<tr>\n<td style=\"width: 50%;\">\n<figure class=\"image align-center\" style=\"margin-right: 25px;\"><img style=\"width: 176px; height: 313px;\" src=\"/storage/pages/October2020/Guido Baldini OK2.jpg\" alt=\"\" />\n<figcaption>Guido Baldini, il fondatore</figcaption>\n</figure>\n</td>\n<td class=\"table_text\" style=\"width: 50%;\">\n<figure class=\"image align-left\" style=\"margin-left: 25px;\"><img style=\"width: 473px; height: 266px;\" src=\"/storage/pages/October2020/nostalgia filtro 1.jpg\" alt=\"\" />\n<figcaption>Rifornimenti in ogni condizione climatica</figcaption>\n</figure>\n</td>\n</tr>\n</tbody>\n</table>\n<h5 class=\"MsoNormal\"><span style=\"color: #999999;\">L&rsquo;avventura infatti ha le gambe per camminare e la sfida prosegue ininterrottamente da allora tra le generazioni seguendo al contempo l&rsquo;evoluzione del mercato energetico: negli anni l&rsquo;azienda si specializza nella vendita di gasolio per riscaldamento e autotrazione con impianti e mezzi di propriet&agrave;.</span></h5>\n<p>&nbsp;</p>\n<h5 class=\"MsoNormal\"><span style=\"color: #999999;\">Con la liberalizzazione dei mercati energetici agli inizi del 21&deg; secolo, la Ditta Baldini Guido Sas sposta il focus sulla vendita di Energia Elettrica e Gas Naturale grazie alla partnership con CIP Lombardia di cui da diversi anni &egrave; socia ed oggi &egrave; un suo CIP POINT sul territorio, a supporto dell&rsquo;utenza domestica e business. </span></h5>\n<h5 class=\"MsoNormal\">&nbsp;</h5>\n<h5 class=\"MsoNormal\"><span style=\"color: #999999;\">In tutti questi anni non sono mai venuti meno per noi <strong>l\'attaccamento al territorio</strong> e <strong>l\'importanza della relazione con il Cliente</strong>. <br />Cliente a cui, da oltre 50 anni, offriamo non soltanto prodotti e servizi, ma anche e soprattutto il nostro supporto tecnico per accompagnarlo nell\'evoluzione dello scenario energetico.</span></h5>\n<p>&nbsp;</p>\n<p>&nbsp;</p>','.table_text {\nvertical-align: top;\n}\n\n#baldini_table {\nborder: 0 white;\n}','2020-09-07 14:08:11','2020-10-28 14:45:30'),(20,9,1,NULL,'Servizi',1,'Servizi',NULL,NULL,NULL,NULL,NULL,'2020-09-07 14:22:04','2020-09-07 14:22:04'),(21,9,0,20,'gb-Gasolio-Riscaldamento',0,'Gasolio Riscaldamento','pages/September2020/lK0L6xFbQ8XCje0i3ypz.jpg','Servizi Petroliferi','Gasolio Riscaldamento','<h2><strong>Vi teniamo al caldo da oltre 50 anni!</strong></h2>\n<h5>&nbsp;</h5>\n<h5><span style=\"color: #999999;\"><span style=\"mso-fareast-language: EN-US;\">Abbiamo seguito, nel corso della nostra lunga storia aziendale, tutta l&rsquo;evoluzione dei sistemi di riscaldamento domestici: <strong>dalla legna da ardere trasportata e consegnata con le Ape Car ai moderni serbatoi GPL, alle caldaie di ultima generazione per </strong></span><strong>riscaldamento civile, commerciale e industriale, posati in opera dai nostri tecnici.</strong></span></h5>\n<h5>&nbsp;</h5>\n<h5><span style=\"color: #999999;\">Il <strong>gasolio per riscaldamento</strong> garantisce innumerevoli vantaggi: </span></h5>\n<h5><span style=\"color: #999999;\">- A dispetto di quanto forse si crede comunemente <strong>&egrave; un combustibile &ldquo;amico dell&rsquo;ambiente&rdquo;</strong>. Un moderno bruciatore a gasolio, <strong>correttamente regolato, </strong>produce un livello di emissioni di fumo e fuliggine pari quasi a zero;</span></h5>\n<h5><span style=\"color: #999999;\">- &Egrave;<strong>&nbsp;sicuro</strong>, perch&eacute; non esplode e non brucia allo stato liquido. Una eventuale perdita di gasolio non rappresenta il rischio di un potenziale incendio per la tua abitazione o il tuo ufficio;</span></h5>\n<h5><span style=\"color: #999999;\">- &Egrave;<strong>&nbsp;efficiente ed economico </strong>rispetto ad altre soluzioni di riscaldamento. Un impianto di riscaldamento a gasolio &egrave; mediamente il 15% pi&ugrave; efficiente di uno a gas e oltre il 60% pi&ugrave; efficiente di uno elettrico. E per di pi&ugrave; produce pi&ugrave; calore.</span></h5>\n<h5><span style=\"mso-fareast-language: EN-US;\"><span style=\"color: #999999;\">Affinch&egrave; tutti gli aspetti positivi della scelta del gasolio per il calore siano garantiti e la sicurezza della fornitura sia duratura nel tempo &egrave; necessario per&ograve; affidarsi a mani esperte per il suo approvvigionamento, corretta consegna e istallazione dell&rsquo;impianto, manutenzione.</span> </span></h5>\n<h5>&nbsp;</h5>\n<figure class=\"image\"><img style=\"width: 1096px; height: 452px;\" src=\"/storage/pages/October2020/ape legna.png\" alt=\"\" />\n<figcaption>Il servizio di consegna porta a porta della legna, effettuato con ogni mezzo</figcaption>\n</figure>\n<p>&nbsp;</p>\n<figure class=\"image\"><img style=\"width: 1097px; height: 559px;\" src=\"/storage/pages/October2020/rifornimento caldaia a gasolio.JPG\" alt=\"\" />\n<figcaption>Rifornimento di una caldaia a gasolio</figcaption>\n</figure>\n<p>&nbsp;</p>\n<p>&nbsp;</p>',NULL,'2020-09-07 14:34:17','2020-10-26 14:08:20'),(22,9,0,20,'gb-Gasolio-Autotrazione',1,'Gasolio Autotrazione','pages/September2020/aYifuLM0bIkI3NmDh1mx.jpg','Servizi Petroliferi','Gasolio Autotrazione','<h2><strong>La scelta pi&ugrave; conveniente per l\'autotrasporto</strong></h2>\n<p>&nbsp;</p>\n<h5><span style=\"color: #999999;\">E&rsquo; la soluzione ideale per <strong>trasportatori e grandi utilizzatori di gasolio per motori diesel.&nbsp; &nbsp; &nbsp; &nbsp; &nbsp; &nbsp; &nbsp; &nbsp; &nbsp; &nbsp; &nbsp; &nbsp; &nbsp; &nbsp; &nbsp; &nbsp; &nbsp; &nbsp; &nbsp; &nbsp; &nbsp; &nbsp; &nbsp; &nbsp; &nbsp; &nbsp; &nbsp; &nbsp; &nbsp; </strong></span></h5>\n<h5><span style=\"color: #999999;\">Il gasolio per autotrazione &egrave; pi&ugrave; economico della benzina, garantisce una facile accensione del motore e un utilizzo in ogni condizione climatica (con l\'aggiunta di uno speciale additivo il diesel pu&ograve; regolarmente funzionare anche con temperature inferiori a 21&deg; sottozero).<span style=\"font-size: 8.5pt; font-family: Verdana, sans-serif; background-image: initial; background-position: initial; background-size: initial; background-repeat: initial; background-attachment: initial; background-origin: initial; background-clip: initial;\">&nbsp;</span></span></h5>\n<p>&nbsp;</p>\n<h5><span style=\"color: #999999;\"><strong>Baldini &egrave; in grado di garantire la Qualit&agrave; del servizio lungo tutta la filiera delle operazioni:</strong></span></h5>\n<h5><span style=\"color: #999999;\"><!-- [if !supportLists]-->-<span style=\"font-variant-numeric: normal; font-variant-east-asian: normal; font-stretch: normal; font-size: 7pt; line-height: normal; font-family: \'Times New Roman\';\">&nbsp; &nbsp; &nbsp; &nbsp; </span>Rigorosi controlli sulla qualit&agrave; delle materie prime;</span></h5>\n<h5><span style=\"color: #999999;\"><!-- [if !supportLists]-->-<span style=\"font-variant-numeric: normal; font-variant-east-asian: normal; font-stretch: normal; font-size: 7pt; line-height: normal; font-family: \'Times New Roman\';\"> &nbsp;&nbsp;&nbsp;&nbsp;&nbsp;&nbsp; </span>Trasporto a norma di legge con mezzi certificati;</span></h5>\n<h5><span style=\"color: #999999;\"><!-- [if !supportLists]-->-<span style=\"font-variant-numeric: normal; font-variant-east-asian: normal; font-stretch: normal; font-size: 7pt; line-height: normal; font-family: \'Times New Roman\';\">&nbsp; &nbsp; &nbsp; &nbsp; </span>Tempestivit&agrave; e puntualit&agrave; delle consegne;</span></h5>\n<h5><span style=\"color: #999999;\"><!-- [if !supportLists]-->-<span style=\"font-variant-numeric: normal; font-variant-east-asian: normal; font-stretch: normal; font-size: 7pt; line-height: normal; font-family: \'Times New Roman\';\"> &nbsp;&nbsp;&nbsp;&nbsp;&nbsp;&nbsp; </span>Supporto personalizzato per gli adempimenti burocratici e la richiesta agevolazioni;</span></h5>\n<h5>&nbsp;</h5>\n<figure class=\"image\"><img style=\"width: 1026px; height: 576px;\" src=\"/storage/pages/October2020/camion chevron filtro tagliata1.jpg\" alt=\"\" />\n<figcaption><span style=\"font-size: 11.0pt; font-family: \'Calibri\',sans-serif; mso-fareast-font-family: \'Times New Roman\'; mso-fareast-theme-font: minor-fareast; mso-ansi-language: IT; mso-fareast-language: EN-US; mso-bidi-language: AR-SA;\">I camion della ditta nel corso del tempo ed i brand distribuiti</span></figcaption>\n</figure>\n<p>&nbsp;</p>\n<figure class=\"image\"><img style=\"width: 1025px; height: 683px;\" src=\"/storage/pages/October2020/Baldini rifornimento.png\" alt=\"\" />\n<figcaption>Rifornimento di un serbatoio di consegna del carburante</figcaption>\n</figure>\n<p>&nbsp;</p>\n<p>&nbsp;</p>',NULL,'2020-09-08 10:45:57','2020-10-26 14:25:52'),(23,9,0,20,'gb-GPL-Serbatoi-Rifornimento',2,'GPL (Serbatoi e Rifornimento)','pages/October2020/eK1Ot7oCQLj8YdN8plVz.png','Servizi Petroliferi','GPL (Serbatoi e Rifornimento)','<h2><strong>Flessibile, ecologico, sicuro</strong></h2>\n<h5>&nbsp;</h5>\n<h5><span style=\"color: #999999;\">Per tutte le abitazioni non collegate alla rete di distribuzione nazionale, il </span><strong><span style=\"color: #999999;\">GPL rappresenta la principale alternativa al gas metano, comoda e competitiva.</span> </strong></h5>\n<p>&nbsp;</p>\n<h5><span style=\"color: #999999;\">ll GPL viene usato in contesti e secondo modalit&agrave; molto diverse, <strong>dalle piccole bombole ai serbatoi di grande capienza </strong>(oltre 1000 litri). Ovviamente, per le utenze che hanno dei consumi rilevanti i serbatoi offrono una soluzione molto pi&ugrave; idonea delle bombole, da usare solo in caso di consumi bassi (per esempio per uso cottura o acqua calda).</span></h5>\n<p>&nbsp;</p>\n<h5><span style=\"color: #999999;\">I serbatoi GPL possono essere <strong>esterni,</strong> di pi&ugrave; semplice installazione, o <strong>interrati </strong>(anche parzialmente) pi&ugrave; vicini alle abitazioni e con un minore impatto paesaggistico.</span></h5>\n<p>&nbsp;</p>\n<h5><span style=\"color: #999999;\">Naturalmente la normativa prevede rigide procedure e garanzie di sicurezza per l&rsquo;istallazione ed il rifornimento dei familiari &ldquo;bomboloni&rdquo;: <strong>affidarsi a Baldini vuol dire scegliere la professionalit&agrave; tecnica e la sicurezza del risultato!</strong></span></h5>\n<p>&nbsp;</p>\n<table style=\"width: 100%; border-collapse: collapse; margin-left: auto; margin-right: auto;\" border=\"0\">\n<tbody>\n<tr>\n<td style=\"width: 50%;\"><br />\n<figure class=\"image align-right\" style=\"margin-right: 25px;\"><img style=\"width: 526px; height: 306px;\" src=\"/storage/pages/October2020/camion moderni.png\" alt=\"\" />\n<figcaption>La flotta Baldini oggi</figcaption>\n</figure>\n</td>\n<td style=\"width: 50%;\">\n<figure class=\"image\" style=\"margin-left: 25px;\"><img style=\"width: 574px; height: 289px;\" src=\"/storage/pages/October2020/GPL Bombolone2.JPG\" alt=\"\" />\n<figcaption>Il familiare \"bombolone\"</figcaption>\n</figure>\n</td>\n</tr>\n</tbody>\n</table>\n<p>&nbsp;</p>\n<p>&nbsp;</p>\n<p>&nbsp;</p>','.table_text {\nvertical-align: top;\n}\n\n#baldini_table {\nborder: 0 white;\n}','2020-09-08 10:56:43','2020-10-28 13:15:49'),(24,10,1,NULL,'servizi',2,'Servizi',NULL,NULL,NULL,NULL,NULL,'2021-09-08 09:19:45','2021-09-08 09:19:45'),(26,10,0,24,'combustibili-oli',NULL,'Combustibili e Oli','pages/September2021/CVGrVrr1G4D9qn43aVY9.png','Servizi','Combustibili e Oli','<p class=\"MsoNormal\"><strong><span style=\"font-size: 12.0pt; line-height: 107%; mso-bidi-font-family: Calibri; mso-bidi-theme-font: minor-latin;\">Eridana Gas</span></strong><span style=\"font-size: 12.0pt; line-height: 107%; mso-bidi-font-family: Calibri; mso-bidi-theme-font: minor-latin;\"> tramite i propri automezzi ed avvalendosi dei mezzi di terzi &egrave; in grado di fornire gasolio ai clienti finali del comparto logistico a quelli del settore agricolo ed alle centrali di riscaldamento.<span style=\"mso-spacerun: yes;\">&nbsp;&nbsp; </span></span></p>\r\n<p class=\"MsoNormal\"><span style=\"font-size: 12.0pt; line-height: 107%; mso-bidi-font-family: Calibri; mso-bidi-theme-font: minor-latin;\">Il nostro catalogo prodotti comprende decine di tipologie di lubrificanti e grassi speciali dei marchi pi&ugrave; noti del settore. Attraverso un servizio logistico accurato possiamo poi procurare in tempi brevi il prodotto da voi richiesto ove non presente in magazzino.</span></p>\r\n<p class=\"MsoNormal\"><span style=\"font-size: 12.0pt; line-height: 107%; mso-bidi-font-family: Calibri; mso-bidi-theme-font: minor-latin;\">Per qualunque chiarimento potete contattare il nostro <strong>Responsabile Commerciale <br />Marco Paradiso</strong> al 327 2636 848 o inviare una mail a: </span><a href=\"mailto:marco.paradiso@eridanagas.it\"><strong><span style=\"font-size: 12.0pt; line-height: 107%; mso-bidi-font-family: Calibri; mso-bidi-theme-font: minor-latin;\">marco.paradiso@eridanagas.it</span></strong></a></p>',NULL,'2021-09-08 09:51:41','2021-09-08 09:54:14'),(27,10,0,24,'Mobilita-Elettrica',1,'Mobilità Elettrica','pages/September2021/D90ooadzFkl1HEeVqoCy.png','Servizi','Mobilità Elettrica','<p class=\"MsoNormal\"><a name=\"_Hlk77774956\"></a><span style=\"font-size: 12.0pt; line-height: 107%; mso-bidi-font-family: Calibri; mso-bidi-theme-font: minor-latin;\">Nel 2020 CIP aggiunge un </span><span style=\"font-size: 12.0pt; line-height: 107%; mso-bidi-font-family: Calibri; mso-bidi-theme-font: minor-latin;\">importante tassello alla rete dei suoi servizi &ldquo;amici dell&rsquo;ambiente&rdquo; per un utilizzo sempre pi&ugrave; consapevole delle RISORSE disponibili ed entra nel settore della E-MOBILITY.</span></p>\r\n<p class=\"MsoNormal\"><span style=\"font-size: 12.0pt; line-height: 107%; mso-bidi-font-family: Calibri; mso-bidi-theme-font: minor-latin;\">Firma un&rsquo;importante partnership con <strong>EnerMia (</strong></span><a href=\"http://www.enermia.it/\"><strong><span style=\"font-size: 12.0pt; line-height: 107%; mso-bidi-font-family: Calibri; mso-bidi-theme-font: minor-latin;\">www.enermia.it</span></strong></a><strong><span style=\"font-size: 12.0pt; line-height: 107%; mso-bidi-font-family: Calibri; mso-bidi-theme-font: minor-latin;\">), </span></strong><span style=\"font-size: 12.0pt; line-height: 107%; mso-bidi-font-family: Calibri; mso-bidi-theme-font: minor-latin;\">un Charging Point Operator attivo su scala nazionale che propone soluzioni di ricarica innovative per ogni fascia di utenza (privato, comunit&agrave;, strutture ricettive e commerciali, business...).</span></p>\r\n<p class=\"MsoNormal\"><span style=\"font-size: 12.0pt; line-height: 107%; mso-bidi-font-family: Calibri; mso-bidi-theme-font: minor-latin;\">Grazie all&rsquo;accordo di partnership tecnico-commerciale definito, i CIP POINT, tra cui Eridana Gas, possono distribuire prodotti di ricarica elettrica che si adattano alle diverse esigenze del Cliente, a partire da soluzioni wall box per i privati, dai 3.7 ai 22 KW, fino ad infrastrutture pi&ugrave; complesse e mirate per centri commerciali, condomini, hotel.</span></p>\r\n<p class=\"MsoNormal\"><span style=\"font-size: 12.0pt; line-height: 107%;\">I nuovi servizi si integrano infatti alle soluzioni energetiche CIP e prevedono:</span></p>\r\n<ul>\r\n<li class=\"MsoNormal\"><span style=\"font-size: 12.0pt; line-height: 107%;\">Progettazione delle infrastrutture di ricarica e loro gestione da remoto</span></li>\r\n<li class=\"MsoNormal\"><span style=\"font-size: 12pt;\">Fornitura ed installazione delle colonnine di ricarica</span><span style=\"mso-spacerun: yes;\">&nbsp; &nbsp; &nbsp; &nbsp; &nbsp; &nbsp; &nbsp; &nbsp; &nbsp; &nbsp; &nbsp;</span></li>\r\n<li class=\"MsoNormal\"><span style=\"font-size: 12pt;\">Gestione gli accessi degli utenti, dei pagamenti e della fatturazione</span></li>\r\n<li class=\"MsoNormal\"><span style=\"font-size: 12pt;\">Assistenza agli utenti finali tramite call center</span></li>\r\n<li class=\"MsoNormal\"><span style=\"font-size: 12pt;\">Manutenzione ordinaria delle infrastrutture</span></li>\r\n</ul>\r\n<p class=\"MsoNormal\" style=\"margin-bottom: .0001pt;\"><span style=\"font-size: 12.0pt; line-height: 107%;\">&nbsp;</span></p>\r\n<p class=\"MsoNormal\"><span style=\"font-size: 12.0pt; line-height: 107%; mso-bidi-font-family: Calibri; mso-bidi-theme-font: minor-latin;\">Per maggiori informazioni inviare una mail a: <strong>eridanagas@eridanagas.it</strong></span></p>\r\n<p class=\"MsoNormal\">&nbsp;</p>\r\n<p class=\"MsoNormal\"><img title=\"CIP-EnerMia\" src=\"/storage/pages/September2021/mobilit&agrave; elettrica 11.JPG\" alt=\"CIP-EnerMia\" width=\"904\" height=\"386\" /></p>',NULL,'2021-09-08 10:00:06','2021-09-08 10:09:33'),(28,10,0,NULL,'chi-siamo',0,'Chi Siamo','pages/September2021/cUlaCTjVzOyzT6JXKGgn.jpg','Chi Siamo','La nostra Storia','<p class=\"MsoNormal\"><span style=\"font-size: 12.0pt; line-height: 107%; border: none windowtext 1.0pt; mso-border-alt: none windowtext 0cm; padding: 0cm;\"><strong>Eridana Gas</strong> &egrave; una realt&agrave; storica del territorio lodigiano: da pi&ugrave; di quarant\'anni &egrave; un punto di riferimento per la <strong>vendita e la distribuzione di carburanti e lubrificanti speciali per l\'agricoltura e l\'industria</strong>.&nbsp;</span></p>\r\n<p class=\"MsoNormal\"><span style=\"font-size: 12.0pt; line-height: 107%; border: none windowtext 1.0pt; mso-border-alt: none windowtext 0cm; padding: 0cm;\">A partire dal 2020 &egrave; entrata a far parte del&nbsp;<strong>Gruppo CIP Lombardia</strong>, una tra le societ&agrave; leader in Italia nel trading e logisitica di prodotti petroliferi e attiva nella vendita di Gas ed Energia nei segmenti B2B e B2C con il marchio&nbsp;<strong>CIP Gas e Luce</strong>.&nbsp;&nbsp;(<a href=\"http://www.cipgaseluce.it/\"><span style=\"mso-bidi-font-family: Calibri; mso-bidi-theme-font: minor-latin; mso-fareast-language: IT;\">www.cipgaseluce.it</span></a>)</span></p>\r\n<p class=\"MsoNormal\"><span style=\"font-size: 12.0pt; line-height: 107%; border: none windowtext 1.0pt; mso-border-alt: none windowtext 0cm; padding: 0cm;\">La sede di&nbsp;<strong>Eridana Gas</strong>&nbsp;&egrave; ora un&nbsp;<strong>CIP POINT</strong>, un punto di riferimento sul territorio per tutti i tipi di utenza, sia privata che aziendale, per quanto riguarda le forniture di Energia Elettrica e Gas metano con il marchio <strong>CIP Gas e Luce</strong>.</span></p>\r\n<p class=\"MsoNormal\"><span style=\"font-size: 12.0pt; line-height: 107%; border: none windowtext 1.0pt; mso-border-alt: none windowtext 0cm; padding: 0cm;\">Con una nuova e particolare attenzione all&rsquo;ambiente e utilizzo responsabile delle risorse energetiche,&nbsp;<strong>CIP&nbsp;</strong>ha recentemente introdotto nella sua gamma di offerta la&nbsp;<strong>fornitura di&nbsp;energia green</strong>, proveniente al 100% da fonti rinnovabili, con il&nbsp;<strong>marchio EMERALD</strong>. Naturalmente anche questa tipologia di offerta &egrave; disponibile presso il CIP POINT Eridana Gas.</span></p>\r\n<p class=\"MsoNormal\"><span style=\"font-size: 12.0pt; line-height: 107%; border: none windowtext 1.0pt; mso-border-alt: none windowtext 0cm; padding: 0cm;\">Il rinnovato management <strong>Eridana Gas</strong> ha come obiettivo la transizione aziendale con il consolidamento e sviluppo delle proprie attivit&agrave; storiche, coniugata all\'approccio a nuovi servizi ed attivit&agrave; in ambito energetico, sviluppati all&rsquo;interno dell&rsquo;importante Gruppo di cui &egrave; entrata a far parte.</span></p>',NULL,'2021-09-08 10:18:27','2021-09-08 10:31:10');

--
-- Table structure for table `partners`
--

CREATE TABLE `partners` (
  `id` bigint(20) unsigned NOT NULL AUTO_INCREMENT,
  `name` varchar(255) COLLATE utf8mb4_unicode_ci NOT NULL,
  `company_type` varchar(255) COLLATE utf8mb4_unicode_ci DEFAULT NULL,
  `slug` varchar(255) COLLATE utf8mb4_unicode_ci NOT NULL,
  `logo` varchar(255) COLLATE utf8mb4_unicode_ci DEFAULT NULL,
  `address` varchar(255) COLLATE utf8mb4_unicode_ci NOT NULL,
  `zip` varchar(255) COLLATE utf8mb4_unicode_ci NOT NULL,
  `city` varchar(255) COLLATE utf8mb4_unicode_ci NOT NULL,
  `province` varchar(255) COLLATE utf8mb4_unicode_ci NOT NULL,
  `phone` varchar(255) COLLATE utf8mb4_unicode_ci NOT NULL,
  `email` varchar(255) COLLATE utf8mb4_unicode_ci NOT NULL,
  `fax` varchar(255) COLLATE utf8mb4_unicode_ci DEFAULT NULL,
  `piva_cf` varchar(255) COLLATE utf8mb4_unicode_ci NOT NULL,
  `opening_hours` longtext COLLATE utf8mb4_unicode_ci,
  `facebook` varchar(255) COLLATE utf8mb4_unicode_ci DEFAULT NULL,
  `linkedin` varchar(255) COLLATE utf8mb4_unicode_ci DEFAULT NULL,
  `gmap` longtext COLLATE utf8mb4_unicode_ci,
  `created_at` timestamp NULL DEFAULT NULL,
  `updated_at` timestamp NULL DEFAULT NULL,
  PRIMARY KEY (`id`)
) ENGINE=InnoDB AUTO_INCREMENT=34 DEFAULT CHARSET=utf8mb4 COLLATE=utf8mb4_unicode_ci;

--
-- Dumping data for table `partners`
--

INSERT INTO `partners` VALUES (1,'Italiana Gas','Srl','italiana-gas','partners/May2020/BynnvgJSa7zGk1uAgIAk.png','via Zerbi, 80','20023','Cantalupo fraz. di Cerro Maggiore','Milano','0331 535.137','italianagas@italianagas.it','0331 535.816','00688480151','Dal Lunedi al Venerdi: 8.00-12.00 - 13.30-17.30-17 Sabato: 8.00-12.00\nInfo Metano-Elettricità: Lunedi-Venerdi 9.00-12.00','https://www.facebook.com/CIP-Gas-Luce-256684808213357/','https://www.linkedin.com/company/cip-lombardia-srl/?originalSubdomain=it','<iframe src=\"https://www.google.com/maps/embed?pb=!1m18!1m12!1m3!1d2792.496327369248!2d8.98423601556133!3d45.58056637910249!2m3!1f0!2f0!3f0!3m2!1i1024!2i768!4f13.1!3m3!1m2!1s0x478692fd127889e5%3A0xe94ae9c27087a991!2sItaliana%20Gas!5e0!3m2!1sen!2sit!4v1589986523780!5m2!1sen!2sit\" width=\"100%\" height=\"600\" frameborder=\"0\" style=\"border:0;\" allowfullscreen=\"\" aria-hidden=\"false\" tabindex=\"0\"></iframe>','2020-05-20 14:55:35','2020-05-20 16:31:05'),(3,'Partner test','Srl','test',NULL,'via Pedemonte 8, 8','22100','Como','CO','3334767027','info@viktoriawebagency.com','3334767027','00688480151','Test orari apertura',NULL,NULL,NULL,'2020-06-08 11:42:23','2020-06-08 11:42:23'),(4,'Redaelli Gas','Srl','Redaelli-Gas','partners/June2020/EnVma6PFDVE32k4q7ufT.png','Via Brianza, 26','22030','Montorfano','Como','031-200272','info@redaellipetroli.com','031-553040','00233360130','Dal Lunedì al Venerdì: 8:00-12:00 - 13:00-18:00','https://it-it.facebook.com/pages/category/Energy-Company/Redaelli-Petroli-268546393216570/',NULL,'<iframe src=\"https://www.google.com/maps/embed?pb=!1m14!1m8!1m3!1d2782.343638716321!2d9.162465899471993!3d45.784342843260376!3m2!1i1024!2i768!4f13.1!3m3!1m2!1s0x0%3A0xc998fe21d823c392!2sRedaelli%20Petroli!5e0!3m2!1sit!2sit!4v1591969807714!5m2!1sit!2sit\" width=\"100%\" height=\"450\" frameborder=\"0\" style=\"border:0;\" allowfullscreen=\"\" aria-hidden=\"false\" tabindex=\"0\"></iframe>','2020-06-12 13:50:47','2020-06-17 10:29:11'),(5,'Vamp-Gas','Srl','Vamp-Gas','partners/June2020/4AuznijPWqQwf0TWMTmd.png','Via Nazionale, 28','23030','Villa di Tirano','Sondrio','0342-795102','info@vampgas.it','0342-795803','00043860147','Dal Lunedì al Venerdì: 8:00-12:00 /13:30-18:00 Sabato: 8:00-12:00',NULL,NULL,'<iframe src=\"https://www.google.com/maps/embed?pb=!1m14!1m8!1m3!1d11047.64333978598!2d10.127315!3d46.192333!3m2!1i1024!2i768!4f13.1!3m3!1m2!1s0x0%3A0xeb6c9a72223e4409!2sVamp-Gas!5e0!3m2!1sit!2sit!4v1592389838930!5m2!1sit!2sit\" width=\"100%\" height=\"450\" frameborder=\"0\" style=\"border:0;\" allowfullscreen=\"\" aria-hidden=\"false\" tabindex=\"0\"></iframe>','2020-06-17 10:31:23','2020-06-17 10:31:23'),(6,'Spluga Petroli','Snc','Spluga-Petroli','partners/June2020/E2IfBZt1TBQsK8z2qled.png','Via G. Marconi, 3','23022','Chiavenna','Sondrio','0343-32404','info@splugapetroli.it','0343-35844','00118740141','Dal Lunedì al Venerdì: 8:00-12:00/14:00-18:00 Sabato: 8:00-12:00','https://it-it.facebook.com/Spluga-Petroli-938567286189623/',NULL,'<iframe src=\"https://www.google.com/maps/embed?pb=!1m14!1m8!1m3!1d11021.91238853282!2d9.397289!3d46.3202016!3m2!1i1024!2i768!4f13.1!3m3!1m2!1s0x0%3A0x87337adfe8ab313e!2sSpluga%20Petroli!5e0!3m2!1sit!2sit!4v1592391587273!5m2!1sit!2sit\" width=\"100%\" height=\"450\" frameborder=\"0\" style=\"border:0;\" allowfullscreen=\"\" aria-hidden=\"false\" tabindex=\"0\"></iframe>','2020-06-17 11:01:32','2020-06-17 11:01:32'),(7,'Alca Carburanti','Snc','Alca-Carburanti','partners/June2020/9pgdLfmQUY79QecHic8Y.png','Via Crema, 33','26015','Soresina','Cremona','0374-342421','alcagas@hotmail.it',NULL,'00771600194','Lunedì 07:00–19:30, dal Martedì al Venerdì 07:00–12:30/14:00–19:30, Sabato 07:00–12:30/14:00–19:00','https://it-it.facebook.com/carburantialca/',NULL,'<iframe src=\"https://www.google.com/maps/embed?pb=!1m14!1m8!1m3!1d11227.853582308862!2d9.8447732!3d45.2889614!3m2!1i1024!2i768!4f13.1!3m3!1m2!1s0x0%3A0x459fea43bb25c8f1!2sALCA%20di%20Lacchini%20G.Battista%2C%20Alberto%20%26%20c.%20snc!5e0!3m2!1sit!2sit!4v1592393125102!5m2!1sit!2sit\" width=\"100%\" height=\"450\" frameborder=\"0\" style=\"border:0;\" allowfullscreen=\"\" aria-hidden=\"false\" tabindex=\"0\"></iframe>','2020-06-17 11:30:24','2020-06-29 14:56:41'),(8,'Dell\'Oca Petroli','Srl','Dell-Oca-Petroli','partners/June2020/2znc8L7GtDO7kmaGEqpZ.png','Via Santuario, 20','23017','Morbegno','Sondrio','0342-611181','energia@dellocapetroli.com','0342-614218','00080460140','Dal Lunedì al Venerdì 8:00-11:50/13:30–17:30, Sabato 8:00-11:45','https://it-it.facebook.com/delloca01/',NULL,'<iframe src=\"https://www.google.com/maps/embed?pb=!1m14!1m8!1m3!1d11059.60210937737!2d9.5825474!3d46.1328113!3m2!1i1024!2i768!4f13.1!3m3!1m2!1s0x0%3A0x12d3706198f3ab28!2sDell&#39;Oca%20Prodotti%20Petroliferi!5e0!3m2!1sit!2sit!4v1592403388082!5m2!1sit!2sit\" width=\"100%\" height=\"450\" frameborder=\"0\" style=\"border:0;\" allowfullscreen=\"\" aria-hidden=\"false\" tabindex=\"0\"></iframe>','2020-06-17 14:18:08','2020-06-17 14:18:08'),(9,'Baldini Guido','Srl','Baldini-Guido','partners/June2020/u1AJBcoITRwgzYMvHdI9.png','Via Gorizia, 21','21014','Laveno Mombello','Varese','0332-667307','info@gbaldini.it',NULL,'01561290121','Dal Lunedì al Sabato 9:00-13:00/14:00-19:00','https://it-it.facebook.com/Baldiniguidosas',NULL,'<iframe src=\"https://www.google.com/maps/embed?pb=!1m14!1m8!1m3!1d11108.364610741322!2d8.61783!3d45.88949!3m2!1i1024!2i768!4f13.1!3m3!1m2!1s0x0%3A0x4805c6bb53b00841!2sDitta%20Baldini%20Guido%20sas!5e0!3m2!1sit!2sit!4v1592489057421!5m2!1sit!2sit\" width=\"100%\" height=\"450\" frameborder=\"0\" style=\"border:0;\" allowfullscreen=\"\" aria-hidden=\"false\" tabindex=\"0\"></iframe>','2020-06-18 14:06:44','2020-06-18 14:06:44'),(10,'Eridana Gas','Srl','Eridana-Gas','partners/February2021/wMlRhws9AO9lYxWKSFeo.png','Via Milano, 8/10','26848','San Fiorano','Lodi','0377-32839','eridanagas@eridanagas.it','0377-35056','00676480155','Dal Lunedì al Venerdì 8:00-12:00/14:00-18:00','https://it-it.facebook.com/eridanagas',NULL,'<iframe src=\"https://www.google.com/maps/embed?pb=!1m18!1m12!1m3!1d2814.355188525806!2d9.713460714937472!3d45.13940086307897!2m3!1f0!2f0!3f0!3m2!1i1024!2i768!4f13.1!3m3!1m2!1s0x4780de3aaf4f7f59%3A0x343710cda114d2e!2sVia%20Milano%2C%208%2C%2026848%20San%20Fiorano%20LO!5e0!3m2!1sit!2sit!4v1592491272653!5m2!1sit!2sit\" width=\"100%\" height=\"450\" frameborder=\"0\" style=\"border:0;\" allowfullscreen=\"\" aria-hidden=\"false\" tabindex=\"0\"></iframe>','2020-06-18 14:41:39','2021-02-09 13:44:02'),(11,'Redaelli Gas','Srl','Redaelli-Gas1','partners/July2020/OR5afOSnRvQk9x4BPkSg.png','Via Brianza, 26','22030','Montorfano','Como','031-200272','info@redaellipetroli.com','031-553040','00233360130','Dal Lunedì al Venerdì: 8:00-12:00 - 13:00-18:00','https://it-it.facebook.com/pages/category/Energy-Company/Redaelli-Petroli-268546393216570/',NULL,'<iframe src=\"https://www.google.com/maps/embed?pb=!1m14!1m8!1m3!1d2782.343638716321!2d9.162465899471993!3d45.784342843260376!3m2!1i1024!2i768!4f13.1!3m3!1m2!1s0x0%3A0xc998fe21d823c392!2sRedaelli%20Petroli!5e0!3m2!1sit!2sit!4v1591969807714!5m2!1sit!2sit\" width=\"100%\" height=\"450\" frameborder=\"0\" style=\"border:0;\" allowfullscreen=\"\" aria-hidden=\"false\" tabindex=\"0\"></iframe>','2020-07-02 10:15:44','2020-07-02 10:15:44'),(12,'Caema','Srl','Caema-Srl','partners/July2020/U4cSmk8t8elcmksDO82s.png','Via Milano 5/G','26100','Cremona','CR','0372-20288 / 0372-34990','info@caemasrl.it','0372-800237','00685760191','da Lunedì a Venerdì 07:30-12:00 / 13.30-18:00\nSabato 07:30-12:00',NULL,NULL,'<iframe src=\"https://www.google.com/maps/embed?pb=!1m14!1m8!1m3!1d11256.718874464736!2d9.9996242!3d45.1429557!3m2!1i1024!2i768!4f13.1!3m3!1m2!1s0x0%3A0x45f63fea68cfa42e!2sCaema!5e0!3m2!1sit!2sit!4v1594036054030!5m2!1sit!2sit\" width=\"100%\" height=\"450\" frameborder=\"0\" style=\"border:0;\" allowfullscreen=\"\" aria-hidden=\"false\" tabindex=\"0\"></iframe>','2020-07-06 11:48:00','2020-07-06 11:48:00'),(13,'Alpi Energia','Srl','Alpi-Energia','partners/December2020/itQLCP88HF71H67FgEGW.png','Via Matteotti, 85','22040','Alzate Brianza','CO','031-630271','info@alpienergia.it','031-630385','02816870139','Lunedì-Venerdì 8:00-12:00/14:00-18:00 Sabato 8:00-12:00',NULL,NULL,'<iframe src=\"https://www.google.com/maps/embed?pb=!1m14!1m8!1m3!1d11132.150461298865!2d9.1830524!3d45.7704364!3m2!1i1024!2i768!4f13.1!3m3!1m2!1s0x0%3A0x50b1bc2788b83f50!2sAlpi%20Energia%20SRL!5e0!3m2!1sit!2sit!4v1607684006302!5m2!1sit!2sit\" width=\"100%\" height=\"450\" frameborder=\"0\" style=\"border:0;\" allowfullscreen=\"\" aria-hidden=\"false\" tabindex=\"0\"></iframe>','2020-12-11 10:54:07','2020-12-11 10:54:07'),(14,'Bernardo Carenini','Srl','Bernardo-Carenini','partners/December2020/HilOxQiPaDKT4n6KvGKR.png','Via Boncompagni, 51/4','20139','Milano','MI','02-534173','info@bernardocarenini.it','02-55210824','01838180154','Lunedì-Venerdì 8:30-12:30/13:30-17:30','https://www.facebook.com/Carenini-Bernardo-2753047128253871/?hc_ref=ARRz4UdQf-t2Q6fJuXYRdFMRYVJQPCWOf6Dt_de_z-50qjMQ-Oo5GdhzoSOaRk5bEI4&fref=nf&__tn__=kC-R',NULL,'<iframe src=\"https://www.google.com/maps/embed?pb=!1m14!1m8!1m3!1d11198.161290717095!2d9.230917!3d45.4387669!3m2!1i1024!2i768!4f13.1!3m3!1m2!1s0x0%3A0x67cb6483c3acc662!2sCarenini%20Bernardo!5e0!3m2!1sit!2sit!4v1607684554882!5m2!1sit!2sit\" width=\"100%\" height=\"450\" frameborder=\"0\" style=\"border:0;\" allowfullscreen=\"\" aria-hidden=\"false\" tabindex=\"0\"></iframe>','2020-12-11 11:03:09','2020-12-11 11:03:09'),(15,'CarbotradeGas Alassio','Srl','CarbotradeGas-Alassio','partners/December2020/ZzHxnFhIQ8OLuPSs51Rb.png','Via Neghelli, 159','17021','Alassio','SV','0182-640462','alassio@carbotradegas.com',NULL,'00648070076','Lunedì-Sabato 9:30-12:30/15-18:30 Mercoledì pomeriggio chiuso',NULL,NULL,'<iframe src=\"https://www.google.com/maps/embed?pb=!1m14!1m8!1m3!1d11479.611572562042!2d8.1592667!3d44.0027333!3m2!1i1024!2i768!4f13.1!3m3!1m2!1s0x0%3A0x91c72597edcf1d9b!2sCarbotrade%20Gas%20Carbotrade%20Gas%20Spa!5e0!3m2!1sit!2sit!4v1607685035889!5m2!1sit!2sit\" width=\"100%\" height=\"450\" frameborder=\"0\" style=\"border:0;\" allowfullscreen=\"\" aria-hidden=\"false\" tabindex=\"0\"></iframe>','2020-12-11 11:13:28','2020-12-11 11:13:28'),(16,'CarbotradeGas Alba','Srl','CarbotradeGas-Alba','partners/December2020/6Xu7mKSIltyYAcJTqcDR.png','Corso Piave, 65','12051','Alba','CN','0173-328023','alba@carbotradegas.com',NULL,'00648070076','Lunedì-Venerdì 8:30-12:30/13:30-17:30',NULL,NULL,'<iframe src=\"https://www.google.com/maps/embed?pb=!1m14!1m8!1m3!1d11345.416177927364!2d8.0240455!3d44.6919702!3m2!1i1024!2i768!4f13.1!3m3!1m2!1s0x0%3A0x287d587f550a54b1!2sCarbotrade%20Gas!5e0!3m2!1sit!2sit!4v1607685428460!5m2!1sit!2sit\" width=\"100%\" height=\"450\" frameborder=\"0\" style=\"border:0;\" allowfullscreen=\"\" aria-hidden=\"false\" tabindex=\"0\"></iframe>','2020-12-11 11:18:04','2020-12-11 11:18:48'),(17,'CarbotradeGas Andora','Srl','CarbotradeGas-Andora','partners/December2020/PebhEb57xG5e0TbGJJHg.png','Via Doria, 62','17051','Andora','SV','393-6172420','andora@carbotradegas.com',NULL,'00648070076','Lunedì-Sabato 9:30-12:30/15-18:30 Mercoledì pomeriggio chiuso',NULL,NULL,'<iframe src=\"https://www.google.com/maps/embed?pb=!1m14!1m8!1m3!1d11489.2532317537!2d8.1445224!3d43.9528834!3m2!1i1024!2i768!4f13.1!3m3!1m2!1s0x0%3A0xc6c645fed2d31228!2sCarbotrade%20Gas%20Andora!5e0!3m2!1sit!2sit!4v1607685640540!5m2!1sit!2sit\" width=\"100%\" height=\"450\" frameborder=\"0\" style=\"border:0;\" allowfullscreen=\"\" aria-hidden=\"false\" tabindex=\"0\"></iframe>','2020-12-11 11:31:24','2020-12-11 11:31:24'),(18,'CarbotradeGas Aosta','Srl','CarbotradeGas-Aosta','partners/December2020/qQjwRV9NMPNo2IxVjaDK.png','Via Chambery, 32','11100','Aosta','AO','0165-086095','aosta@carbotradegas.com',NULL,'00648070076','Lunedì-Venerdì 8:00-12:00/14:00-18:00',NULL,NULL,'<iframe src=\"https://www.google.com/maps/embed?pb=!1m18!1m12!1m3!1d2784.8582526600844!2d7.3104158149607965!3d45.73393742342614!2m3!1f0!2f0!3f0!3m2!1i1024!2i768!4f13.1!3m3!1m2!1s0x478920b88f10b7e7%3A0x245fed5e66908673!2sCarbotrade%20Gas%20Srl!5e0!3m2!1sit!2sit!4v1607686503538!5m2!1sit!2sit\" width=\"100%\" height=\"450\" frameborder=\"0\" style=\"border:0;\" allowfullscreen=\"\" aria-hidden=\"false\" tabindex=\"0\"></iframe>','2020-12-11 11:35:28','2020-12-11 11:35:28'),(19,'CarbotradeGas Castelnuovo Garfagnana','Srl','CarbotradeGas-Castelnuovo-Garfagnana','partners/December2020/516rUZuM98rKGXEraiis.png','Via Provinciale, 6 (Loc. Piano Pieve)','55032','Castelnuovo Garfagnana','LU','0583-414748','garfagnana@carbotradegas.com',NULL,'00648070076','Lunedì-Venerdì 9:00-12:00/15:00-18:00 Sabato 9:00-12:00',NULL,NULL,'<iframe src=\"https://www.google.com/maps/embed?pb=!1m14!1m8!1m3!1d11456.731573671119!2d10.4080544!3d44.1208496!3m2!1i1024!2i768!4f13.1!3m3!1m2!1s0x0%3A0x7a6a1b8973ff4820!2sCarbotrade%20Gas%20-%20Garfagnana!5e0!3m2!1sit!2sit!4v1607686707409!5m2!1sit!2sit\" width=\"100%\" height=\"450\" frameborder=\"0\" style=\"border:0;\" allowfullscreen=\"\" aria-hidden=\"false\" tabindex=\"0\"></iframe>','2020-12-11 11:39:19','2020-12-11 11:39:19'),(20,'CarbotradeGas Pontey','Srl','CarbotradeGas-Pontey','partners/December2020/EeoV0JuDispVJLqXPQ6C.png','Strada Statale 26, 1','11024','Pontey','AO','0166-546307','pontey@carbotradegas.com',NULL,'00648070076','Lunedì-Giovedì 8:00-12:00/14:00-18:00 Venerdì 8:00-12:00/14:00-16:30',NULL,NULL,'<iframe src=\"https://www.google.com/maps/embed?pb=!1m14!1m8!1m3!1d11135.855134215859!2d7.6209562!3d45.751872!3m2!1i1024!2i768!4f13.1!3m3!1m2!1s0x0%3A0xf55e7c408af2f23e!2sCarbotrade%20Gas!5e0!3m2!1sit!2sit!4v1607686875827!5m2!1sit!2sit\" width=\"100%\" height=\"450\" frameborder=\"0\" style=\"border:0;\" allowfullscreen=\"\" aria-hidden=\"false\" tabindex=\"0\"></iframe>','2020-12-11 11:42:20','2020-12-11 11:42:20'),(21,'Casari Combustibili','Srl','Casari-Combustibili','partners/December2020/PfLupKpsKVKYVUXbYrbV.png','Via Nazionale, 2','23030','Cepina Valdisotto','SO','0342-950322','casaricombustibili@libero.it','0342-950322','00051100147','Lunedì-Sabato 8:00-18:30','https://www.facebook.com/pages/category/Local-Service/Casari-Combustibili-977415615980924/',NULL,'<iframe src=\"https://www.google.com/maps/embed?pb=!1m14!1m8!1m3!1d11001.130979508152!2d10.3549838!3d46.4232751!3m2!1i1024!2i768!4f13.1!3m3!1m2!1s0x0%3A0xc437d29dc5c79384!2sCasari%20Combustibili!5e0!3m2!1sit!2sit!4v1607688137462!5m2!1sit!2sit\" width=\"100%\" height=\"450\" frameborder=\"0\" style=\"border:0;\" allowfullscreen=\"\" aria-hidden=\"false\" tabindex=\"0\"></iframe>','2020-12-11 12:04:00','2020-12-11 12:04:00'),(22,'Commerciale Paganoni','Srl','Commerciale-Paganoni','partners/December2020/gBYEfvyy1V3wO1AhPzaO.png','Via Vanoni, 102','23100','Sondrio','SO','0342-510444','info@commercialepaganoni.it','0342-512362','00531470144','Lunedì-Venerdì 8:00-12:00/14:00-18:30 Sabato 8:00-12:00',NULL,NULL,'<iframe src=\"https://www.google.com/maps/embed?pb=!1m14!1m8!1m3!1d11053.988216971475!2d9.8678644!3d46.1607604!3m2!1i1024!2i768!4f13.1!3m3!1m2!1s0x0%3A0x5ba28d8a59608c9!2sCommerciale%20Paganoni!5e0!3m2!1sit!2sit!4v1607693191759!5m2!1sit!2sit\" width=\"100%\" height=\"450\" frameborder=\"0\" style=\"border:0;\" allowfullscreen=\"\" aria-hidden=\"false\" tabindex=\"0\"></iframe>','2020-12-11 13:27:07','2020-12-11 13:27:07'),(23,'Commerciale Paganoni','Srl','Commerciale-Paganoni-Srl','partners/December2020/TLMTxRzqvWynMh6IZqWM.png','Via Isonzo, 111','23100','Mariano Comense','CO','031-747685','renato.delpiccolo@commercialepaganoni.it',NULL,'00531470144','Lunedì 8:00-12:00 Giovedì 13:30-17:30',NULL,NULL,'<iframe src=\"https://www.google.com/maps/embed?pb=!1m18!1m12!1m3!1d2787.1943142658!2d9.186137014958918!3d45.68707232656613!2m3!1f0!2f0!3f0!3m2!1i1024!2i768!4f13.1!3m3!1m2!1s0x4786a2cad76a24f1%3A0xe31f26e424351d2!2sVia%20Isonzo%2C%20111%2C%2022066%20Mariano%20Comense%20CO!5e0!3m2!1sit!2sit!4v1607693610222!5m2!1sit!2sit\" width=\"100%\" height=\"450\" frameborder=\"0\" style=\"border:0;\" allowfullscreen=\"\" aria-hidden=\"false\" tabindex=\"0\"></iframe>','2020-12-11 13:36:13','2020-12-11 13:36:13'),(24,'Ecocalor','Srl','Ecocalor','partners/December2020/X9hBTVJDKjd5oanlTklM.png','Via Valeriana, 14 (Loc. Boffetto)','23020','Piateda','SO','0342-370102','ecocalor@michelettigroup.it',NULL,'00654220144','Lunedì-Venerdì 8:00-12:00/14:00-18:00','https://www.facebook.com/ECOCALORPOWER/',NULL,'<iframe src=\"https://www.google.com/maps/embed?pb=!1m14!1m8!1m3!1d11054.251564754442!2d9.9549205!3d46.1594496!3m2!1i1024!2i768!4f13.1!3m3!1m2!1s0x0%3A0x395e197ce3ed2565!2sEcocalor%20Gas%20e%20Luce!5e0!3m2!1sit!2sit!4v1607695054150!5m2!1sit!2sit\" width=\"100%\" height=\"450\" frameborder=\"0\" style=\"border:0;\" allowfullscreen=\"\" aria-hidden=\"false\" tabindex=\"0\"></iframe>','2020-12-11 14:03:44','2020-12-11 14:06:50'),(25,'EcoSys Energia','Srl','EcoSys-Energia','partners/December2020/SSF7z9ug1yaGnah1u9Eu.png','Via Postale Vecchia, 37','23857','Valgreghentino','LC','0341-660353','info@ecosys.it','0341-605444','00','Lunedì-Venerdì 8:30-12:30/13:30-17:30',NULL,NULL,'<iframe src=\"https://www.google.com/maps/embed?pb=!1m18!1m12!1m3!1d2782.2621696055926!2d9.420515402799355!3d45.7859751692839!2m3!1f0!2f0!3f0!3m2!1i1024!2i768!4f13.1!3m3!1m2!1s0x4786a857224cd48b%3A0x62d05678d6384207!2sVia%20Postale%20Vecchia%2C%2037%2C%2023854%20Olginate%20LC%2C%20Italia!5e0!3m2!1sit!2sus!4v1607696123742!5m2!1sit!2sus\" width=\"100%\" height=\"450\" frameborder=\"0\" style=\"border:0;\" allowfullscreen=\"\" aria-hidden=\"false\" tabindex=\"0\"></iframe>','2020-12-11 14:24:01','2020-12-11 14:26:50'),(26,'Ferremi Battista','Srl','Ferremi-Battista','partners/December2020/GZTrSigcFVloBHT4Ozq4.png','Via Valcamonica, 3','25126','Brescia','BS','030-311561','metano@ferremibattista.it','030-311565','02161960170','Lunedì-Venerdì 8:00-12:00/14:00-18:00','https://www.facebook.com/Effecard-390651841013477/?hc_ref=ARSPEXT7Hk194W_VwmEqdT1ugO3F3AWAnzFtqYVSwNHylVYeYJYFaD86nX7U_T24aps&fref=nf&__tn__=kC-R','https://it.linkedin.com/company/ferremi-battista-spa','<iframe src=\"https://www.google.com/maps/embed?pb=!1m14!1m8!1m3!1d11176.65692212414!2d10.1812785!3d45.5470217!3m2!1i1024!2i768!4f13.1!3m3!1m2!1s0x0%3A0x319b694bea5cb829!2sFerremi%20Battista%20Spa!5e0!3m2!1sit!2sit!4v1607697414953!5m2!1sit!2sit\" width=\"100%\" height=\"450\" frameborder=\"0\" style=\"border:0;\" allowfullscreen=\"\" aria-hidden=\"false\" tabindex=\"0\"></iframe>','2020-12-11 14:37:19','2020-12-11 14:37:19'),(27,'I.M.E. Tv','Snc','ime-tv','partners/December2020/1QPMzkzAb8dIWlghRo3X.png','Via Italia, 22','22101','Grandola ed Uniti','CO','0344-34094','info@imetv.com','0344-34689','01765320138','Lunedì-Sabato 9:00-12:00/15:00-19:00','https://www.facebook.com/pages/category/Entrepreneur/IME-TV-1953137774796627/',NULL,'<iframe src=\"https://www.google.com/maps/embed?pb=!1m14!1m8!1m3!1d11081.264150917994!2d9.2088678!3d46.0248424!3m2!1i1024!2i768!4f13.1!3m3!1m2!1s0x0%3A0x9d0bc69257a432c7!2sI.M.E.%20Tv%20Pisoni%20Barelli!5e0!3m2!1sit!2sit!4v1607700639937!5m2!1sit!2sit\" width=\"100%\" height=\"450\" frameborder=\"0\" style=\"border:0;\" allowfullscreen=\"\" aria-hidden=\"false\" tabindex=\"0\"></iframe>','2020-12-11 15:31:48','2020-12-11 15:31:48'),(28,'La Commerciale Petroli','Srl','La-Commerciale-Petroli','partners/December2020/3eRRqWxpkHrPMme2vWF2.png','Largo Brugnatelli, 13/8','20090','Buccinasco','MI','02-45708682','info@lacommercialepetroli.it','02-45705661','11007580969','Lunedì-Venerdì 8:00-12:00/14:00-17:00',NULL,NULL,'<iframe src=\"https://www.google.com/maps/embed?pb=!1m14!1m8!1m3!1d11204.05529801461!2d9.1139454!3d45.4090608!3m2!1i1024!2i768!4f13.1!3m3!1m2!1s0x0%3A0xf2fd0fd6a54602f!2sLa%20Commerciale%20Petroli%20Srl!5e0!3m2!1sit!2sit!4v1607702308277!5m2!1sit!2sit\" width=\"100%\" height=\"450\" frameborder=\"0\" style=\"border:0;\" allowfullscreen=\"\" aria-hidden=\"false\" tabindex=\"0\"></iframe>','2020-12-11 15:59:00','2020-12-11 16:01:17'),(29,'Paganoni Salca','Srl','Paganoni-Salca','partners/December2020/rCmaiSTMGLNYB8sfdHC8.png','Via Fiandra, 23/A','23900','Lecco','LC','0341-362561','paganonisalca@commercialepaganoni.it','0341-364281','00816350144','Lunedì-Venerdì 8:00-12:00/13:30-18:00 Sab 8:00-12:00',NULL,NULL,'<iframe src=\"https://www.google.com/maps/embed?pb=!1m14!1m8!1m3!1d11116.46759400389!2d9.4039742!3d45.8489597!3m2!1i1024!2i768!4f13.1!3m3!1m2!1s0x0%3A0x2bf671ad4cbbcd62!2sPaganoni%20Salca%20S.R.L.!5e0!3m2!1sit!2sit!4v1607702841827!5m2!1sit!2sit\" width=\"100%\" height=\"450\" frameborder=\"0\" style=\"border:0;\" allowfullscreen=\"\" aria-hidden=\"false\" tabindex=\"0\"></iframe>','2020-12-11 16:07:53','2020-12-11 16:07:53'),(30,'Petrolcarbo','Srl','Petrolcarbo','partners/December2020/llM4CzVdb8BCrV7IUj8O.png','Via Fiandra, 1','23900','Lecco','LC','0341-292413','info@petrolcarbo.com','0341-285734','00232500132','Lunedì-Venerdì 8:00-18:00 Sabato 8:00-12:00',NULL,NULL,'<iframe src=\"https://www.google.com/maps/embed?pb=!1m14!1m8!1m3!1d11116.035818319613!2d9.4019773!3d45.8511201!3m2!1i1024!2i768!4f13.1!3m3!1m2!1s0x0%3A0x864b005e2479d93c!2sPetrolcarbo!5e0!3m2!1sit!2sit!4v1607703140370!5m2!1sit!2sit\" width=\"100%\" height=\"450\" frameborder=\"0\" style=\"border:0;\" allowfullscreen=\"\" aria-hidden=\"false\" tabindex=\"0\"></iframe>','2020-12-11 16:13:09','2020-12-11 16:13:09'),(31,'Policalor','Snc','Policalor','partners/December2020/LWiKHzdE3pw7MgEJzBRa.png','Via delle Noci, 37','22018','Porlezza','LC','0344-61653','info@policalor.it','0344-32119','00705440139','Lunedì-Venerdì 8:00-12:00/13:30-17:00','https://it-it.facebook.com/pigolipolicalor',NULL,'<iframe src=\"https://www.google.com/maps/embed?pb=!1m18!1m12!1m3!1d672.7370905571364!2d9.137288255022572!3d46.03515606755431!2m3!1f0!2f0!3f0!3m2!1i1024!2i768!4f13.1!3m3!1m2!1s0x47843baa6b8d1507%3A0xa13f7f44fec45ab0!2sVia%20Delle%20Noci%2C%2037%2C%2022018%20Porlezza%20CO%2C%20Italia!5e0!3m2!1sit!2sus!4v1607703731201!5m2!1sit!2sus\" width=\"100%\" height=\"450\" frameborder=\"0\" style=\"border:0;\" allowfullscreen=\"\" aria-hidden=\"false\" tabindex=\"0\"></iframe>','2020-12-11 16:22:32','2020-12-11 16:22:32'),(32,'Casiraghi F.lli','Srl','Casiraghi-F.lli',NULL,'Via Serviliano Lattuada, 27','20135','Milano','MI','02-58308952','info@casiraghiflli.it',NULL,'01829370152','Lunedì-Venerdì 8:00-12:00/14:00-17:30',NULL,NULL,'<iframe src=\"https://www.google.com/maps/embed?pb=!1m14!1m8!1m3!1d11195.501939885404!2d9.2074424!3d45.4521652!3m2!1i1024!2i768!4f13.1!3m3!1m2!1s0x0%3A0xa122f51e27e8c2f6!2sCasiraghi%20F.Lli%20Srl!5e0!3m2!1sit!2sit!4v1607705606651!5m2!1sit!2sit\" width=\"100%\" height=\"450\" frameborder=\"0\" style=\"border:0;\" allowfullscreen=\"\" aria-hidden=\"false\" tabindex=\"0\"></iframe>','2020-12-11 16:53:46','2020-12-11 16:53:46'),(33,'Birolini Ernesto','Srl','Birolini-Ernesto','partners/May2021/S12neT0JHjMceu440uRI.png','Via Manzoni, 6','24020','Ranica','Bergamo','035-343367','info@birolini-calor.it','035-341257','00771440161','Dal Lunedì al Venerdì: 8:00-12:00/13:30-17:30  Sabato: 8:00-12:00','https://www.facebook.com/birolinicalor/',NULL,'<iframe src=\"https://www.google.com/maps/embed?pb=!1m18!1m12!1m3!1d2785.5407942150005!2d9.715154514960279!3d45.720248424343566!2m3!1f0!2f0!3f0!3m2!1i1024!2i768!4f13.1!3m3!1m2!1s0x4781574aa432c0b9%3A0x112426fad57e80dd!2sBirolini%20Ernesto!5e0!3m2!1sit!2sit!4v1620118594832!5m2!1sit!2sit\" width=\"100%\" height=\"450\" style=\"border:0;\" allowfullscreen=\"\" loading=\"lazy\"></iframe>','2021-05-04 08:58:25','2021-05-04 08:58:25');

--
-- Table structure for table `permission_role`
--

CREATE TABLE `permission_role` (
  `permission_id` bigint(20) unsigned NOT NULL,
  `role_id` bigint(20) unsigned NOT NULL,
  PRIMARY KEY (`permission_id`,`role_id`),
  KEY `permission_role_permission_id_index` (`permission_id`),
  KEY `permission_role_role_id_index` (`role_id`),
  CONSTRAINT `permission_role_permission_id_foreign` FOREIGN KEY (`permission_id`) REFERENCES `permissions` (`id`) ON DELETE CASCADE,
  CONSTRAINT `permission_role_role_id_foreign` FOREIGN KEY (`role_id`) REFERENCES `roles` (`id`) ON DELETE CASCADE
) ENGINE=InnoDB DEFAULT CHARSET=utf8mb4 COLLATE=utf8mb4_unicode_ci;

--
-- Dumping data for table `permission_role`
--

INSERT INTO `permission_role` VALUES (1,1),(2,1),(3,1),(4,1),(5,1),(6,1),(7,1),(8,1),(9,1),(10,1),(11,1),(12,1),(13,1),(14,1),(15,1),(16,1),(17,1),(18,1),(19,1),(20,1),(21,1),(22,1),(23,1),(24,1),(25,1),(26,1),(27,1),(28,1),(29,1),(30,1),(31,1),(37,1),(38,1),(39,1),(40,1),(41,1);

--
-- Table structure for table `permissions`
--

CREATE TABLE `permissions` (
  `id` bigint(20) unsigned NOT NULL AUTO_INCREMENT,
  `key` varchar(255) COLLATE utf8mb4_unicode_ci NOT NULL,
  `table_name` varchar(255) COLLATE utf8mb4_unicode_ci DEFAULT NULL,
  `created_at` timestamp NULL DEFAULT NULL,
  `updated_at` timestamp NULL DEFAULT NULL,
  PRIMARY KEY (`id`),
  KEY `permissions_key_index` (`key`)
) ENGINE=InnoDB AUTO_INCREMENT=42 DEFAULT CHARSET=utf8mb4 COLLATE=utf8mb4_unicode_ci;

--
-- Dumping data for table `permissions`
--

INSERT INTO `permissions` VALUES (1,'browse_admin',NULL,'2020-05-11 14:49:48','2020-05-11 14:49:48'),(2,'browse_bread',NULL,'2020-05-11 14:49:48','2020-05-11 14:49:48'),(3,'browse_database',NULL,'2020-05-11 14:49:48','2020-05-11 14:49:48'),(4,'browse_media',NULL,'2020-05-11 14:49:48','2020-05-11 14:49:48'),(5,'browse_compass',NULL,'2020-05-11 14:49:48','2020-05-11 14:49:48'),(6,'browse_menus','menus','2020-05-11 14:49:48','2020-05-11 14:49:48'),(7,'read_menus','menus','2020-05-11 14:49:48','2020-05-11 14:49:48'),(8,'edit_menus','menus','2020-05-11 14:49:49','2020-05-11 14:49:49'),(9,'add_menus','menus','2020-05-11 14:49:49','2020-05-11 14:49:49'),(10,'delete_menus','menus','2020-05-11 14:49:49','2020-05-11 14:49:49'),(11,'browse_roles','roles','2020-05-11 14:49:49','2020-05-11 14:49:49'),(12,'read_roles','roles','2020-05-11 14:49:49','2020-05-11 14:49:49'),(13,'edit_roles','roles','2020-05-11 14:49:49','2020-05-11 14:49:49'),(14,'add_roles','roles','2020-05-11 14:49:49','2020-05-11 14:49:49'),(15,'delete_roles','roles','2020-05-11 14:49:49','2020-05-11 14:49:49'),(16,'browse_users','users','2020-05-11 14:49:49','2020-05-11 14:49:49'),(17,'read_users','users','2020-05-11 14:49:49','2020-05-11 14:49:49'),(18,'edit_users','users','2020-05-11 14:49:49','2020-05-11 14:49:49'),(19,'add_users','users','2020-05-11 14:49:49','2020-05-11 14:49:49'),(20,'delete_users','users','2020-05-11 14:49:49','2020-05-11 14:49:49'),(21,'browse_settings','settings','2020-05-11 14:49:49','2020-05-11 14:49:49'),(22,'read_settings','settings','2020-05-11 14:49:49','2020-05-11 14:49:49'),(23,'edit_settings','settings','2020-05-11 14:49:49','2020-05-11 14:49:49'),(24,'add_settings','settings','2020-05-11 14:49:49','2020-05-11 14:49:49'),(25,'delete_settings','settings','2020-05-11 14:49:49','2020-05-11 14:49:49'),(26,'browse_hooks',NULL,'2020-05-11 14:49:49','2020-05-11 14:49:49'),(27,'browse_partners','partners','2020-05-20 14:50:03','2020-05-20 14:50:03'),(28,'read_partners','partners','2020-05-20 14:50:03','2020-05-20 14:50:03'),(29,'edit_partners','partners','2020-05-20 14:50:03','2020-05-20 14:50:03'),(30,'add_partners','partners','2020-05-20 14:50:03','2020-05-20 14:50:03'),(31,'delete_partners','partners','2020-05-20 14:50:03','2020-05-20 14:50:03'),(37,'browse_pages','pages','2020-05-28 14:27:20','2020-05-28 14:27:20'),(38,'read_pages','pages','2020-05-28 14:27:20','2020-05-28 14:27:20'),(39,'edit_pages','pages','2020-05-28 14:27:20','2020-05-28 14:27:20'),(40,'add_pages','pages','2020-05-28 14:27:20','2020-05-28 14:27:20'),(41,'delete_pages','pages','2020-05-28 14:27:20','2020-05-28 14:27:20');

--
-- Table structure for table `roles`
--

CREATE TABLE `roles` (
  `id` bigint(20) unsigned NOT NULL AUTO_INCREMENT,
  `name` varchar(255) COLLATE utf8mb4_unicode_ci NOT NULL,
  `display_name` varchar(255) COLLATE utf8mb4_unicode_ci NOT NULL,
  `created_at` timestamp NULL DEFAULT NULL,
  `updated_at` timestamp NULL DEFAULT NULL,
  PRIMARY KEY (`id`),
  UNIQUE KEY `roles_name_unique` (`name`)
) ENGINE=InnoDB AUTO_INCREMENT=3 DEFAULT CHARSET=utf8mb4 COLLATE=utf8mb4_unicode_ci;

--
-- Dumping data for table `roles`
--

INSERT INTO `roles` VALUES (1,'admin','Administrator','2020-05-11 14:49:48','2020-05-11 14:49:48'),(2,'user','Normal User','2020-05-11 14:49:48','2020-05-11 14:49:48');

--
-- Table structure for table `settings`
--

CREATE TABLE `settings` (
  `id` int(10) unsigned NOT NULL AUTO_INCREMENT,
  `key` varchar(255) COLLATE utf8mb4_unicode_ci NOT NULL,
  `display_name` varchar(255) COLLATE utf8mb4_unicode_ci NOT NULL,
  `value` text COLLATE utf8mb4_unicode_ci,
  `details` text COLLATE utf8mb4_unicode_ci,
  `type` varchar(255) COLLATE utf8mb4_unicode_ci NOT NULL,
  `order` int(11) NOT NULL DEFAULT '1',
  `group` varchar(255) COLLATE utf8mb4_unicode_ci DEFAULT NULL,
  PRIMARY KEY (`id`),
  UNIQUE KEY `settings_key_unique` (`key`)
) ENGINE=InnoDB AUTO_INCREMENT=13 DEFAULT CHARSET=utf8mb4 COLLATE=utf8mb4_unicode_ci;

--
-- Dumping data for table `settings`
--

INSERT INTO `settings` VALUES (1,'site.title','Site Title','CIP Gas e Luce Lombardia','','text',1,'Site'),(2,'site.description','Site Description','Site Description','','text',2,'Site'),(3,'site.logo','Site Logo','','','image',3,'Site'),(4,'site.google_analytics_tracking_id','Google Analytics Tracking ID',NULL,'','text',4,'Site'),(5,'admin.bg_image','Admin Background Image','settings/May2020/gmcyxTZUyMjYjZZhqJUK.png','','image',5,'Admin'),(6,'admin.title','Admin Title','CIP Partners','','text',1,'Admin'),(7,'admin.description','Admin Description','Gestione web CIP partners','','text',2,'Admin'),(8,'admin.loader','Admin Loader','settings/May2020/xykqUyuQQHBxaMu5JZH1.png','','image',3,'Admin'),(9,'admin.icon_image','Admin Icon Image','settings/May2020/ZKjPtfOOBo8VDf2TWorQ.png','','image',4,'Admin'),(12,'admin.contact_form_email','Form contatti Indirizzo','fabio.dilauro@gmail.com',NULL,'text',6,'Admin');

--
-- Table structure for table `translations`
--

CREATE TABLE `translations` (
  `id` int(10) unsigned NOT NULL AUTO_INCREMENT,
  `table_name` varchar(255) COLLATE utf8mb4_unicode_ci NOT NULL,
  `column_name` varchar(255) COLLATE utf8mb4_unicode_ci NOT NULL,
  `foreign_key` int(10) unsigned NOT NULL,
  `locale` varchar(255) COLLATE utf8mb4_unicode_ci NOT NULL,
  `value` text COLLATE utf8mb4_unicode_ci NOT NULL,
  `created_at` timestamp NULL DEFAULT NULL,
  `updated_at` timestamp NULL DEFAULT NULL,
  PRIMARY KEY (`id`),
  UNIQUE KEY `translations_table_name_column_name_foreign_key_locale_unique` (`table_name`,`column_name`,`foreign_key`,`locale`)
) ENGINE=InnoDB DEFAULT CHARSET=utf8mb4 COLLATE=utf8mb4_unicode_ci;

--
-- Dumping data for table `translations`
--


--
-- Table structure for table `user_roles`
--

CREATE TABLE `user_roles` (
  `user_id` bigint(20) unsigned NOT NULL,
  `role_id` bigint(20) unsigned NOT NULL,
  PRIMARY KEY (`user_id`,`role_id`),
  KEY `user_roles_user_id_index` (`user_id`),
  KEY `user_roles_role_id_index` (`role_id`),
  CONSTRAINT `user_roles_role_id_foreign` FOREIGN KEY (`role_id`) REFERENCES `roles` (`id`) ON DELETE CASCADE,
  CONSTRAINT `user_roles_user_id_foreign` FOREIGN KEY (`user_id`) REFERENCES `users` (`id`) ON DELETE CASCADE
) ENGINE=InnoDB DEFAULT CHARSET=utf8mb4 COLLATE=utf8mb4_unicode_ci;

--
-- Dumping data for table `user_roles`
--


--
-- Table structure for table `users`
--

CREATE TABLE `users` (
  `id` bigint(20) unsigned NOT NULL AUTO_INCREMENT,
  `role_id` bigint(20) unsigned DEFAULT NULL,
  `name` varchar(255) COLLATE utf8mb4_unicode_ci NOT NULL,
  `email` varchar(255) COLLATE utf8mb4_unicode_ci NOT NULL,
  `avatar` varchar(255) COLLATE utf8mb4_unicode_ci DEFAULT 'users/default.png',
  `email_verified_at` timestamp NULL DEFAULT NULL,
  `password` varchar(255) COLLATE utf8mb4_unicode_ci NOT NULL,
  `remember_token` varchar(100) COLLATE utf8mb4_unicode_ci DEFAULT NULL,
  `settings` text COLLATE utf8mb4_unicode_ci,
  `created_at` timestamp NULL DEFAULT NULL,
  `updated_at` timestamp NULL DEFAULT NULL,
  PRIMARY KEY (`id`),
  UNIQUE KEY `users_email_unique` (`email`),
  KEY `users_role_id_foreign` (`role_id`),
  CONSTRAINT `users_role_id_foreign` FOREIGN KEY (`role_id`) REFERENCES `roles` (`id`)
) ENGINE=InnoDB AUTO_INCREMENT=6 DEFAULT CHARSET=utf8mb4 COLLATE=utf8mb4_unicode_ci;

--
-- Dumping data for table `users`
--

INSERT INTO `users` VALUES (1,1,'Fabio','fabio.dilauro@gmail.com','users/default.png',NULL,'$2y$10$Qsj8nTBZFznS2nuYuSDbEO1UniKRzKaPUwvkj1.5zUI0i1L4B6EGe',NULL,'{\"locale\":\"it\"}','2020-05-11 14:59:43','2020-05-20 14:51:08'),(2,1,'Anna','zannino@kaosteam.it','users/default.png',NULL,'$2y$10$f39zyBBpnBJaXTsZVQL7/OHdiBfO8gY7s.fU/tntaKwEBMs1J.ia.','kY7x7FQovOOt2WPE6moMEU5EFrm5YFHnfo3u2cN5Ml5xA2IJu5okkuK5kUOx','{\"locale\":\"it\"}','2020-05-21 12:43:13','2020-05-21 12:43:13'),(3,1,'Stefania','spalomba@kaosteam.it','users/default.png',NULL,'$2y$10$lrnREgJKVgACDhTuVW66UuZXca1uGfX7hk.GTY.lUCnbpSpR1iIi.',NULL,'{\"locale\":\"it\"}','2020-05-21 12:44:03','2020-05-21 12:44:03'),(5,1,'Lorenzo Salomoni','lsalomoni@kaosteam.it','users/default.png',NULL,'$2y$10$1pP1RK0/dln8muLLq7cLH.uaA7BcLYAQEeSY4..9ec0.w1ptldex.',NULL,'{\"locale\":\"it\"}','2020-06-12 14:58:24','2020-06-12 14:58:24');


